{"id":75,"date":"2025-12-20T08:09:18","date_gmt":"2025-12-20T08:09:18","guid":{"rendered":"https:\/\/laerkeryge.maktechagency.com\/?page_id=75"},"modified":"2026-01-07T04:06:22","modified_gmt":"2026-01-07T04:06:22","slug":"delprover","status":"publish","type":"page","link":"https:\/\/laerkeryge.maktechagency.com\/index.php\/delprover\/","title":{"rendered":"Delpr\u00f8ver"},"content":{"rendered":"\t\t<div data-elementor-type=\"wp-page\" data-elementor-id=\"75\" class=\"elementor elementor-75\" data-elementor-post-type=\"page\">\n\t\t\t\t<div class=\"elementor-element elementor-element-0407e5a e-con-full e-flex e-con e-parent\" data-id=\"0407e5a\" data-element_type=\"container\" data-settings=\"{&quot;background_background&quot;:&quot;classic&quot;}\">\n\t\t\t\t<\/div>\n\t\t<div class=\"elementor-element elementor-element-1275cd2 e-con-full e-flex e-con e-parent\" data-id=\"1275cd2\" data-element_type=\"container\">\n\t\t<div class=\"elementor-element elementor-element-db1a2e7 e-con-full e-flex e-con e-child\" data-id=\"db1a2e7\" data-element_type=\"container\">\n\t\t\t\t<div class=\"elementor-element elementor-element-4c88aa5 elementor-widget elementor-widget-heading\" data-id=\"4c88aa5\" data-element_type=\"widget\" data-widget_type=\"heading.default\">\n\t\t\t\t\t<h2 class=\"elementor-heading-title elementor-size-default\">Delpr\u00f8ver \n\n\n\n\n<\/h2>\t\t\t\t<\/div>\n\t\t\t\t<div class=\"elementor-element elementor-element-a439426 elementor-widget elementor-widget-text-editor\" data-id=\"a439426\" data-element_type=\"widget\" data-widget_type=\"text-editor.default\">\n\t\t\t\t\t\t\t\t\t<p>Vi har udarbejdet\u00a0delpr\u00f8ve 1 til Cap. 4, Cap. 6 og Cap. 9. Opgavene til Cap. 4 og 9 d\u00e6kker tilsammen alle opgavertyper, som beskrevet i bilag 1 til l\u00e6rerens h\u00e6fte 4. Delpr\u00f8verne er tilpasset bogens indhold i forhold til ordforr\u00e5d og grammatik, men de kan ogs\u00e5 bruges som eksamenstr\u00e6ning i 3. g. De ligger dog i den lettere ende.<\/p>\t\t\t\t\t\t\t\t<\/div>\n\t\t\t\t<div class=\"elementor-element elementor-element-97c47ef elementor-widget elementor-widget-text-editor\" data-id=\"97c47ef\" data-element_type=\"widget\" data-widget_type=\"text-editor.default\">\n\t\t\t\t\t\t\t\t\t<p>Delpr\u00f8verne er baseret p\u00e5 teksterne i Un mes en M\u00e1laga, og man kan differentiere sv\u00e6rhedsgraden ved enten at stille opgaven f\u00f8r eller efter, at eleverne har l\u00e6st teksten. L\u00e6reren vurderer ligeledes selv, hvor mange gloser der skal medtages til tekst A og tekst B. Tekster og gloselister til tekst A kan kopieres fra det enkelte kapitel.<\/p>\t\t\t\t\t\t\t\t<\/div>\n\t\t\t\t<div class=\"elementor-element elementor-element-b5a5550 elementor-widget elementor-widget-text-editor\" data-id=\"b5a5550\" data-element_type=\"widget\" data-widget_type=\"text-editor.default\">\n\t\t\t\t\t\t\t\t\t<p>Til Cap. 4 og Cap. 9 har vi desuden\u00a0udarbejdet\u00a0delpr\u00f8ve 2, der lever op til kravene i l\u00e6rerens h\u00e6fte 4. Dvs. at eleverne skal skrive 250 ord og bruge 5 af 10 verber i 3 angivne tider. Bem\u00e6rk, at instruksen til opgaven er vores bud p\u00e5 en formulering. N\u00e5r der foreligger en officiel instruks, retter vi naturligvis til.<\/p>\t\t\t\t\t\t\t\t<\/div>\n\t\t\t\t<div class=\"elementor-element elementor-element-8d1ff95 elementor-widget elementor-widget-text-editor\" data-id=\"8d1ff95\" data-element_type=\"widget\" data-widget_type=\"text-editor.default\">\n\t\t\t\t\t\t\t\t\t<p>Delpr\u00f8verne ligger alle i Google Docs, s\u00e5 du nemt kan kopiere over i egen mappe (og evt. \u00e6ndre genre eller antal ord) eller downloade i word eller pdf. Husk venligst, at delpr\u00f8verne kun m\u00e5 bruges til elever, der har licens til i-bogen.<\/p>\t\t\t\t\t\t\t\t<\/div>\n\t\t\t\t<div class=\"elementor-element elementor-element-ceb377e elementor-widget elementor-widget-text-editor\" data-id=\"ceb377e\" data-element_type=\"widget\" data-widget_type=\"text-editor.default\">\n\t\t\t\t\t\t\t\t\t<p>I mapperne ligger ogs\u00e5 et retteark til l\u00e6reren. Klik\u00a0<strong><a href=\"https:\/\/drive.google.com\/drive\/folders\/1nIYePfpOBuJEjlNm0xL1MxhbsOV59mvK?usp=sharing\" target=\"_blank\" rel=\"noopener noreferrer\">her<\/a><\/strong>\u00a0for at f\u00e5 adgang til delpr\u00f8verne.<\/p>\t\t\t\t\t\t\t\t<\/div>\n\t\t\t\t<\/div>\n\t\t\t\t<\/div>\n\t\t\t\t<\/div>\n\t\t","protected":false},"excerpt":{"rendered":"<p>Delpr\u00f8ver Vi har udarbejdet\u00a0delpr\u00f8ve 1 til Cap. 4, Cap. 6 og Cap. 9. Opgavene til Cap. 4 og 9 d\u00e6kker [&hellip;]<\/p>\n","protected":false},"author":1,"featured_media":0,"parent":0,"menu_order":0,"comment_status":"closed","ping_status":"closed","template":"elementor_header_footer","meta":{"site-sidebar-layout":"no-sidebar","site-content-layout":"","ast-site-content-layout":"full-width-container","site-content-style":"default","site-sidebar-style":"default","ast-global-header-display":"","ast-banner-title-visibility":"","ast-main-header-display":"","ast-hfb-above-header-display":"","ast-hfb-below-header-display":"","ast-hfb-mobile-header-display":"","site-post-title":"","ast-breadcrumbs-content":"","ast-featured-img":"disabled","footer-sml-layout":"","ast-disable-related-posts":"","theme-transparent-header-meta":"","adv-header-id-meta":"","stick-header-meta":"","header-above-stick-meta":"","header-main-stick-meta":"","header-below-stick-meta":"","astra-migrate-meta-layouts":"default","ast-page-background-enabled":"default","ast-page-background-meta":{"desktop":{"background-color":"var(--ast-global-color-5)","background-image":"","background-repeat":"repeat","background-position":"center center","background-size":"auto","background-attachment":"scroll","background-type":"","background-media":"","overlay-type":"","overlay-color":"","overlay-opacity":"","overlay-gradient":""},"tablet":{"background-color":"","background-image":"","background-repeat":"repeat","background-position":"center center","background-size":"auto","background-attachment":"scroll","background-type":"","background-media":"","overlay-type":"","overlay-color":"","overlay-opacity":"","overlay-gradient":""},"mobile":{"background-color":"","background-image":"","background-repeat":"repeat","background-position":"center center","background-size":"auto","background-attachment":"scroll","background-type":"","background-media":"","overlay-type":"","overlay-color":"","overlay-opacity":"","overlay-gradient":""}},"ast-content-background-meta":{"desktop":{"background-color":"var(--ast-global-color-4)","background-image":"","background-repeat":"repeat","background-position":"center center","background-size":"auto","background-attachment":"scroll","background-type":"","background-media":"","overlay-type":"","overlay-color":"","overlay-opacity":"","overlay-gradient":""},"tablet":{"background-color":"var(--ast-global-color-4)","background-image":"","background-repeat":"repeat","background-position":"center center","background-size":"auto","background-attachment":"scroll","background-type":"","background-media":"","overlay-type":"","overlay-color":"","overlay-opacity":"","overlay-gradient":""},"mobile":{"background-color":"var(--ast-global-color-4)","background-image":"","background-repeat":"repeat","background-position":"center center","background-size":"auto","background-attachment":"scroll","background-type":"","background-media":"","overlay-type":"","overlay-color":"","overlay-opacity":"","overlay-gradient":""}},"footnotes":""},"class_list":["post-75","page","type-page","status-publish","hentry"],"_links":{"self":[{"href":"https:\/\/laerkeryge.maktechagency.com\/index.php\/wp-json\/wp\/v2\/pages\/75","targetHints":{"allow":["GET"]}}],"collection":[{"href":"https:\/\/laerkeryge.maktechagency.com\/index.php\/wp-json\/wp\/v2\/pages"}],"about":[{"href":"https:\/\/laerkeryge.maktechagency.com\/index.php\/wp-json\/wp\/v2\/types\/page"}],"author":[{"embeddable":true,"href":"https:\/\/laerkeryge.maktechagency.com\/index.php\/wp-json\/wp\/v2\/users\/1"}],"replies":[{"embeddable":true,"href":"https:\/\/laerkeryge.maktechagency.com\/index.php\/wp-json\/wp\/v2\/comments?post=75"}],"version-history":[{"count":28,"href":"https:\/\/laerkeryge.maktechagency.com\/index.php\/wp-json\/wp\/v2\/pages\/75\/revisions"}],"predecessor-version":[{"id":8232,"href":"https:\/\/laerkeryge.maktechagency.com\/index.php\/wp-json\/wp\/v2\/pages\/75\/revisions\/8232"}],"wp:attachment":[{"href":"https:\/\/laerkeryge.maktechagency.com\/index.php\/wp-json\/wp\/v2\/media?parent=75"}],"curies":[{"name":"wp","href":"https:\/\/api.w.org\/{rel}","templated":true}]}}