{"id":22,"date":"2025-12-20T06:47:39","date_gmt":"2025-12-20T06:47:39","guid":{"rendered":"https:\/\/laerkeryge.maktechagency.com\/?page_id=22"},"modified":"2026-01-14T03:34:55","modified_gmt":"2026-01-14T03:34:55","slug":"tekstpraesentation","status":"publish","type":"page","link":"https:\/\/laerkeryge.maktechagency.com\/index.php\/tekstpraesentation\/","title":{"rendered":"Tekstrum"},"content":{"rendered":"\t\t<div data-elementor-type=\"wp-page\" data-elementor-id=\"22\" class=\"elementor elementor-22\" data-elementor-post-type=\"page\">\n\t\t\t\t<div class=\"elementor-element elementor-element-909857c e-con-full e-flex e-con e-parent\" data-id=\"909857c\" data-element_type=\"container\" data-settings=\"{&quot;background_background&quot;:&quot;classic&quot;}\">\n\t\t\t\t<\/div>\n\t\t<div class=\"elementor-element elementor-element-11563dd e-con-full e-flex e-con e-parent\" data-id=\"11563dd\" data-element_type=\"container\">\n\t\t\t\t<div class=\"elementor-element elementor-element-019c61d elementor-widget elementor-widget-heading\" data-id=\"019c61d\" data-element_type=\"widget\" data-widget_type=\"heading.default\">\n\t\t\t\t\t<h2 class=\"elementor-heading-title elementor-size-default\">Elevens tr\u00e6ningsrum til tekstpr\u00e6sentation<\/h2>\t\t\t\t<\/div>\n\t\t<div class=\"elementor-element elementor-element-3922e9b e-con-full e-flex e-con e-child\" data-id=\"3922e9b\" data-element_type=\"container\">\n\t\t\t\t<div class=\"elementor-element elementor-element-2473d95 elementor-widget elementor-widget-heading\" data-id=\"2473d95\" data-element_type=\"widget\" data-widget_type=\"heading.default\">\n\t\t\t\t\t<h2 class=\"elementor-heading-title elementor-size-default\">Tekstpr\u00e6sentation\n<\/h2>\t\t\t\t<\/div>\n\t\t\t\t<div class=\"elementor-element elementor-element-76488cb elementor-widget elementor-widget-text-editor\" data-id=\"76488cb\" data-element_type=\"widget\" data-widget_type=\"text-editor.default\">\n\t\t\t\t\t\t\t\t\t<p>Til eksamen i spansk p\u00e5 b\u00e5de a-niveau og b-niveau skal du kunne lave en pr\u00e6sentation af en ukendt tekst med instrukser, som du relaterer til \u00e9t af de l\u00e6ste temaer. Denne pr\u00e6sentation skal udarbejdes i l\u00f8bet af en relativ kort forberedelsestid (60 minutter). Derfor er det vigtigt, at du i undervisningen opbygger et sprogligt beredskab, som du spontant kan tr\u00e6kke p\u00e5, hver gang du har l\u00e6st en ny tekst.<\/p>\t\t\t\t\t\t\t\t<\/div>\n\t\t<div class=\"elementor-element elementor-element-0fc86d3 e-con-full e-flex e-con e-child\" data-id=\"0fc86d3\" data-element_type=\"container\">\n\t\t<div class=\"elementor-element elementor-element-3a53aca e-con-full e-flex e-con e-child\" data-id=\"3a53aca\" data-element_type=\"container\">\n\t\t\t\t<div class=\"elementor-element elementor-element-6b1310c elementor-widget elementor-widget-text-editor\" data-id=\"6b1310c\" data-element_type=\"widget\" data-widget_type=\"text-editor.default\">\n\t\t\t\t\t\t\t\t\tTil den mundtlige eksamen starter du med din tekstpr\u00e6sentation, og efterf\u00f8lgende g\u00e5r tekstpr\u00e6sentationen over i en samtale mellem elev og l\u00e6rer.\t\t\t\t\t\t\t\t<\/div>\n\t\t\t\t<div class=\"elementor-element elementor-element-254b447 elementor-widget elementor-widget-text-editor\" data-id=\"254b447\" data-element_type=\"widget\" data-widget_type=\"text-editor.default\">\n\t\t\t\t\t\t\t\t\t<p>Den gode tekstpr\u00e6sentation er:<\/p>\t\t\t\t\t\t\t\t<\/div>\n\t\t\t\t<div class=\"elementor-element elementor-element-b7f09b6 elementor-widget elementor-widget-text-editor\" data-id=\"b7f09b6\" data-element_type=\"widget\" data-widget_type=\"text-editor.default\">\n\t\t\t\t\t\t\t\t\t<ul><li>velstruktureret.<\/li><li>fortalt i hele og forst\u00e5elige spanske s\u00e6tninger.<\/li><li>indeholder varieret ordforr\u00e5d.<\/li><\/ul>\t\t\t\t\t\t\t\t<\/div>\n\t\t\t\t<\/div>\n\t\t<div class=\"elementor-element elementor-element-3e18719 e-con-full e-flex e-con e-child\" data-id=\"3e18719\" data-element_type=\"container\" data-settings=\"{&quot;background_background&quot;:&quot;classic&quot;}\">\n\t\t<div class=\"elementor-element elementor-element-59a5642 e-con-full e-flex e-con e-child\" data-id=\"59a5642\" data-element_type=\"container\" data-settings=\"{&quot;background_background&quot;:&quot;classic&quot;}\">\n\t\t<div class=\"elementor-element elementor-element-1c54891 e-con-full e-flex e-con e-child\" data-id=\"1c54891\" data-element_type=\"container\" data-settings=\"{&quot;background_background&quot;:&quot;classic&quot;}\">\n\t\t\t\t<div class=\"elementor-element elementor-element-49ab064 elementor-widget elementor-widget-text-editor\" data-id=\"49ab064\" data-element_type=\"widget\" data-widget_type=\"text-editor.default\">\n\t\t\t\t\t\t\t\t\t<p><strong>Instrukser til eksamenstekster<br \/>\u200b<\/strong>Eksamensteksterne indledes altid af konkrete instrukser, som skal besvares under eksaminationen.\u00a0Tr\u00e6n disse instrukser.<br \/>\u200bPulse\u00a0<strong><a href=\"https:\/\/www.quia.com\/quiz\/6872591.html\" target=\"_blank\" rel=\"noopener noreferrer\">aqu\u00ed\u200b<\/a><\/strong><br \/>Pulse<strong>\u00a0<a href=\"https:\/\/quizlet.com\/_50gxzi\" target=\"_blank\" rel=\"noopener noreferrer\">aqu\u00ed<\/a><\/strong><\/p>\t\t\t\t\t\t\t\t<\/div>\n\t\t\t\t<\/div>\n\t\t\t\t<\/div>\n\t\t\t\t<\/div>\n\t\t\t\t<\/div>\n\t\t\t\t<div class=\"elementor-element elementor-element-df73c6b elementor-widget elementor-widget-text-editor\" data-id=\"df73c6b\" data-element_type=\"widget\" data-widget_type=\"text-editor.default\">\n\t\t\t\t\t\t\t\t\t<p>Til langt de fleste tekster kan du med fordel bruge f\u00f8lgende model:<\/p>\t\t\t\t\t\t\t\t<\/div>\n\t\t\t\t<div class=\"elementor-element elementor-element-fd23c3f elementor-widget elementor-widget-text-editor\" data-id=\"fd23c3f\" data-element_type=\"widget\" data-widget_type=\"text-editor.default\">\n\t\t\t\t\t\t\t\t\t<ol><li>L\u00e6s og forst\u00e5 teksten samt evt. introduktionen\u00a0og instrukserne til teksten.<\/li><li>Nedskriv eller understreg ca. 20-30 centrale gloser fra teksten, som du forestiller dig, at du vil f\u00e5 brug for i din pr\u00e6sentation.<\/li><li>Pr\u00e6senter teksten (og evt. selve temaet) med udgangspunkt i nedenst\u00e5ende opskrift. Gloserne kan tr\u00e6nes i Quizlet. Pulse\u00a0<strong><a href=\"https:\/\/quizlet.com\/_50ejx2\" target=\"_blank\" rel=\"noopener noreferrer\">aqu\u00ed<\/a><\/strong><\/li><\/ol>\t\t\t\t\t\t\t\t<\/div>\n\t\t<div class=\"elementor-element elementor-element-7882fb1 e-con-full e-flex e-con e-child\" data-id=\"7882fb1\" data-element_type=\"container\">\n\t\t<div class=\"elementor-element elementor-element-491fc97 e-con-full e-flex e-con e-child\" data-id=\"491fc97\" data-element_type=\"container\">\n\t\t\t\t<div class=\"elementor-element elementor-element-e62677e elementor-widget elementor-widget-text-editor\" data-id=\"e62677e\" data-element_type=\"widget\" data-widget_type=\"text-editor.default\">\n\t\t\t\t\t\t\t\t\t<p><strong>Pr\u00e6sentation af teksten<\/strong><\/p>\t\t\t\t\t\t\t\t<\/div>\n\t\t\t\t<div class=\"elementor-element elementor-element-2172098 elementor-widget elementor-widget-text-editor\" data-id=\"2172098\" data-element_type=\"widget\" data-widget_type=\"text-editor.default\">\n\t\t\t\t\t\t\t\t\t<p><strong>Pr\u00e6sentation af r\u00e6kkef\u00f8lgen<\/strong><\/p>\t\t\t\t\t\t\t\t<\/div>\n\t\t\t\t<div class=\"elementor-element elementor-element-0f82f0f elementor-widget elementor-widget-text-editor\" data-id=\"0f82f0f\" data-element_type=\"widget\" data-widget_type=\"text-editor.default\">\n\t\t\t\t\t\t\t\t\t<p><strong>Resum\u00e9 af teksten\u00a0\u200b<\/strong><\/p>\t\t\t\t\t\t\t\t<\/div>\n\t\t\t\t<div class=\"elementor-element elementor-element-1d7e9e1 elementor-widget elementor-widget-text-editor\" data-id=\"1d7e9e1\" data-element_type=\"widget\" data-widget_type=\"text-editor.default\">\n\t\t\t\t\t\t\t\t\t<strong>Pr\u00e6sentation af tekstens temaer og genre<\/strong>\t\t\t\t\t\t\t\t<\/div>\n\t\t\t\t<div class=\"elementor-element elementor-element-8aeb7e8 elementor-widget elementor-widget-text-editor\" data-id=\"8aeb7e8\" data-element_type=\"widget\" data-widget_type=\"text-editor.default\">\n\t\t\t\t\t\t\t\t\t<p><strong>Perspektivering<\/strong><\/p>\t\t\t\t\t\t\t\t<\/div>\n\t\t\t\t<div class=\"elementor-element elementor-element-33b6fc6 elementor-widget elementor-widget-text-editor\" data-id=\"33b6fc6\" data-element_type=\"widget\" data-widget_type=\"text-editor.default\">\n\t\t\t\t\t\t\t\t\t<p><strong>Din personlige mening om eller diskussion af emnet<\/strong><\/p>\t\t\t\t\t\t\t\t<\/div>\n\t\t\t\t<\/div>\n\t\t<div class=\"elementor-element elementor-element-f06fbe0 e-con-full e-flex e-con e-child\" data-id=\"f06fbe0\" data-element_type=\"container\">\n\t\t<div class=\"elementor-element elementor-element-e5a8dec e-con-full e-flex e-con e-child\" data-id=\"e5a8dec\" data-element_type=\"container\">\n\t\t\t\t<div class=\"elementor-element elementor-element-92bbf8c elementor-widget elementor-widget-text-editor\" data-id=\"92bbf8c\" data-element_type=\"widget\" data-widget_type=\"text-editor.default\">\n\t\t\t\t\t\t\t\t\t<p><span style=\"color: #e9cf76;\">Quiero hablar de &#8230;<\/span><br \/><span style=\"color: #e9cf76;\">Voy a hablar de &#8230;<\/span><\/p>\t\t\t\t\t\t\t\t<\/div>\n\t\t\t\t<div class=\"elementor-element elementor-element-a7db746 elementor-widget elementor-widget-text-editor\" data-id=\"a7db746\" data-element_type=\"widget\" data-widget_type=\"text-editor.default\">\n\t\t\t\t\t\t\t\t\t<p>Por ejemplo:\u00a0Quiero hablar de\u00a0una entrevista con X que habla de su vida.\u00a0<\/p>\t\t\t\t\t\t\t\t<\/div>\n\t\t\t\t<div class=\"elementor-element elementor-element-5e655dd elementor-widget elementor-widget-text-editor\" data-id=\"5e655dd\" data-element_type=\"widget\" data-widget_type=\"text-editor.default\">\n\t\t\t\t\t\t\t\t\t<span style=\"color: #E9CF76;\">Primero \u2026 despu\u00e9s \u2026 luego \u2026 y al final.<\/span>\t\t\t\t\t\t\t\t<\/div>\n\t\t\t\t<div class=\"elementor-element elementor-element-6001ae6 elementor-widget elementor-widget-text-editor\" data-id=\"6001ae6\" data-element_type=\"widget\" data-widget_type=\"text-editor.default\">\n\t\t\t\t\t\t\t\t\t<p>Brug: ir + a + infinitiv\u00a0\u2192\u00a0fremtid.<\/p>\t\t\t\t\t\t\t\t<\/div>\n\t\t\t\t<div class=\"elementor-element elementor-element-70b5984 elementor-widget elementor-widget-text-editor\" data-id=\"70b5984\" data-element_type=\"widget\" data-widget_type=\"text-editor.default\">\n\t\t\t\t\t\t\t\t\t<p>Por ejemplo:\u00a0Primero\u00a0voy a hablar de la familia de X,\u00a0despu\u00e9s\u00a0voy a hablar de su situaci\u00f3n laboral y\u00a0luego\u00a0voy a presentar lo que hace en su tiempo libre.\u00a0Al final, voy a hablar de sus sue\u00f1os para el futuro y mi opini\u00f3n sobre el texto.\u00a0<\/p>\t\t\t\t\t\t\t\t<\/div>\n\t\t\t\t<div class=\"elementor-element elementor-element-a9aa1bf elementor-widget elementor-widget-text-editor\" data-id=\"a9aa1bf\" data-element_type=\"widget\" data-widget_type=\"text-editor.default\">\n\t\t\t\t\t\t\t\t\t<p><span style=\"color: #e9cf76;\">El texto trata de &#8230;<\/span><br \/><span style=\"color: #e9cf76;\">X habla de &#8230;<\/span><br \/><span style=\"color: #e9cf76;\">En el texto encontramos a \u2026<\/span><br \/><span style=\"color: #e9cf76;\">La persona principal es &#8230;<\/span><\/p>\t\t\t\t\t\t\t\t<\/div>\n\t\t\t\t<div class=\"elementor-element elementor-element-290418b elementor-widget elementor-widget-text-editor\" data-id=\"290418b\" data-element_type=\"widget\" data-widget_type=\"text-editor.default\">\n\t\t\t\t\t\t\t\t\t<p>Du kan evt. i denne del komme ind p\u00e5: personkarakteristik, relationer mellem personerne i teksten, milj\u00f8et, udviklingen i handlingen m.m. alt efter teksttype.<\/p>\t\t\t\t\t\t\t\t<\/div>\n\t\t\t\t<div class=\"elementor-element elementor-element-f9ae168 elementor-widget elementor-widget-text-editor\" data-id=\"f9ae168\" data-element_type=\"widget\" data-widget_type=\"text-editor.default\">\n\t\t\t\t\t\t\t\t\t<p>Por ejemplo:\u00a0El texto trata de\u00a0una mujer joven que no puede encontrar un trabajo.\u00a0En el texto tambi\u00e9n encontramos\u00a0a su hermana que trabaja en una empresa internacional.<\/p>\t\t\t\t\t\t\t\t<\/div>\n\t\t\t\t<div class=\"elementor-element elementor-element-05d6f67 elementor-widget elementor-widget-text-editor\" data-id=\"05d6f67\" data-element_type=\"widget\" data-widget_type=\"text-editor.default\">\n\t\t\t\t\t\t\t\t\t<p><span style=\"color: #e9cf76;\">El tema del texto es &#8230;<\/span><br \/><span style=\"color: #e9cf76;\">Los temas del texto son \u2026<\/span><br \/><span style=\"color: #e9cf76;\">El tema m\u00e1s interesante es \u2026<\/span><br \/><span style=\"color: #e9cf76;\">Otro tema importante es \u2026<\/span><\/p>\t\t\t\t\t\t\t\t<\/div>\n\t\t\t\t<div class=\"elementor-element elementor-element-ed3c75f elementor-widget elementor-widget-text-editor\" data-id=\"ed3c75f\" data-element_type=\"widget\" data-widget_type=\"text-editor.default\">\n\t\t\t\t\t\t\t\t\t<p>De vigtigste genrer er: texto \/ pel\u00edcula \/ entrevista \/ art\u00edculo \/ retrato \/ canci\u00f3n \/ documental<\/p>\t\t\t\t\t\t\t\t<\/div>\n\t\t\t\t<div class=\"elementor-element elementor-element-e3ace9a elementor-widget elementor-widget-text-editor\" data-id=\"e3ace9a\" data-element_type=\"widget\" data-widget_type=\"text-editor.default\">\n\t\t\t\t\t\t\t\t\t<p>Por ejemplo:\u00a0El tema del art\u00edculo\u00a0es la mujer en la sociedad moderna.\u00a0Otro tema interesante es\u00a0la relaci\u00f3n entre hermanas.<\/p>\t\t\t\t\t\t\t\t<\/div>\n\t\t\t\t<div class=\"elementor-element elementor-element-15e67cc elementor-widget elementor-widget-text-editor\" data-id=\"15e67cc\" data-element_type=\"widget\" data-widget_type=\"text-editor.default\">\n\t\t\t\t\t\t\t\t\t<p><span style=\"color: #e9cf76;\">En clase hemos hablado de &#8230;<\/span><br \/><span style=\"color: #e9cf76;\">He le\u00eddo otro texto de &#8230;<\/span><br \/><span style=\"color: #e9cf76;\">He visto una pel\u00edcula sobre \u2026<\/span><\/p>\t\t\t\t\t\t\t\t<\/div>\n\t\t\t\t<div class=\"elementor-element elementor-element-0028c2b elementor-widget elementor-widget-text-editor\" data-id=\"0028c2b\" data-element_type=\"widget\" data-widget_type=\"text-editor.default\">\n\t\t\t\t\t\t\t\t\t<p>Por ejemplo:\u00a0En clase hemos le\u00eddo\u00a0un texto que se llama X. El texto tambi\u00e9n trata de &#8230;<\/p>\t\t\t\t\t\t\t\t<\/div>\n\t\t\t\t<div class=\"elementor-element elementor-element-ae1ba2e elementor-widget elementor-widget-text-editor\" data-id=\"ae1ba2e\" data-element_type=\"widget\" data-widget_type=\"text-editor.default\">\n\t\t\t\t\t\t\t\t\t<p><span style=\"color: #e9cf76;\">Pienso que X porque<\/span><br \/><span style=\"color: #e9cf76;\">Creo que X porque<\/span><br \/><span style=\"color: #e9cf76;\">A lo mejor &#8230;<\/span><br \/><span style=\"color: #e9cf76;\">Por un lado X y por otro lado Y<\/span><\/p>\t\t\t\t\t\t\t\t<\/div>\n\t\t\t\t<div class=\"elementor-element elementor-element-30b9472 elementor-widget elementor-widget-text-editor\" data-id=\"30b9472\" data-element_type=\"widget\" data-widget_type=\"text-editor.default\">\n\t\t\t\t\t\t\t\t\t<p>Por ejemplo:\u00a0Pienso que\u00a0es muy interesante saber m\u00e1s de la cultura espa\u00f1ola. Por un lado hay muchas diferencias entre una vida en Dinamarca y una vida en Espa\u00f1a y por otro lado somos muy parecidos.<\/p>\t\t\t\t\t\t\t\t<\/div>\n\t\t\t\t<\/div>\n\t\t\t\t<\/div>\n\t\t\t\t<\/div>\n\t\t\t\t<div class=\"elementor-element elementor-element-460c707 elementor-widget elementor-widget-text-editor\" data-id=\"460c707\" data-element_type=\"widget\" data-widget_type=\"text-editor.default\">\n\t\t\t\t\t\t\t\t\t<p><strong>Tekstpr\u00e6sentationen og den efterf\u00f8lgende samtale<\/strong><br \/>Du starter med at lave et opl\u00e6g med udgangspunkt i teksten. Husk at l\u00e6se og indrage eventuelle instrukser. Din pr\u00e6sentation g\u00e5r over i en opklarende og evt. perspektiverende samtale, hvor din l\u00e6rer eller din klassekammerat (hvis der er tale om en tr\u00e6ningssituation) stiller uddybende og perspektiverende sp\u00f8rgsm\u00e5l til det, som du har fortalt.<\/p>\t\t\t\t\t\t\t\t<\/div>\n\t\t<div class=\"elementor-element elementor-element-338fbc6 e-con-full e-flex e-con e-child\" data-id=\"338fbc6\" data-element_type=\"container\">\n\t\t<div class=\"elementor-element elementor-element-6b05c9b e-con-full e-flex e-con e-child\" data-id=\"6b05c9b\" data-element_type=\"container\">\n\t\t\t\t<div class=\"elementor-element elementor-element-7bc25c4 elementor-widget elementor-widget-text-editor\" data-id=\"7bc25c4\" data-element_type=\"widget\" data-widget_type=\"text-editor.default\">\n\t\t\t\t\t\t\t\t\t<p><strong>De spontane sp\u00f8rgsm\u00e5l<\/strong><br \/>N\u00e5r du f\u00e5r et spontant sp\u00f8rgsm\u00e5l, fra fx en klassekammerat eller en l\u00e6rer, er det vigtigt at kunne svare eller bede personen gentage, hvis du ikke helt forst\u00e5r sp\u00f8rgsm\u00e5let.<\/p>\t\t\t\t\t\t\t\t<\/div>\n\t\t\t\t<div class=\"elementor-element elementor-element-6bea9ef elementor-widget elementor-widget-text-editor\" data-id=\"6bea9ef\" data-element_type=\"widget\" data-widget_type=\"text-editor.default\">\n\t\t\t\t\t\t\t\t\tEr du i tvivl om, hvad der bliver spurgt om, kan du bruge f\u00f8lgende s\u00e6tning:\nJeg forst\u00e5r ikke sp\u00f8rgsm\u00e5let:\u00a0<span style=\"color: #e9cf76;\">No entiendo la pregunta.<\/span>\t\t\t\t\t\t\t\t<\/div>\n\t\t\t\t<div class=\"elementor-element elementor-element-7a7ca60 elementor-widget elementor-widget-text-editor\" data-id=\"7a7ca60\" data-element_type=\"widget\" data-widget_type=\"text-editor.default\">\n\t\t\t\t\t\t\t\t\t\u200bKan du ikke svare p\u00e5 sp\u00f8rgsm\u00e5let, kan du bruge f\u00f8lgende s\u00e6tning:\nJeg ved det ikke: <span style=\"color: #e9cf76;\">No lo s\u00e9. <\/span>\t\t\t\t\t\t\t\t<\/div>\n\t\t\t\t<div class=\"elementor-element elementor-element-50f0d8e elementor-widget elementor-widget-text-editor\" data-id=\"50f0d8e\" data-element_type=\"widget\" data-widget_type=\"text-editor.default\">\n\t\t\t\t\t\t\t\t\tKan du svare, men mangler du ord, skal du dykke ned i dine sproglige omskrivninger (se boksen): <span style=\"color: #e9cf76;\">No s\u00e9 c\u00f3mo se dice en espa\u00f1ol, pero \u2026  <\/span>\t\t\t\t\t\t\t\t<\/div>\n\t\t\t\t<\/div>\n\t\t<div class=\"elementor-element elementor-element-5f225e0 e-con-full e-flex e-con e-child\" data-id=\"5f225e0\" data-element_type=\"container\" data-settings=\"{&quot;background_background&quot;:&quot;classic&quot;}\">\n\t\t<div class=\"elementor-element elementor-element-e8f1c70 e-con-full e-flex e-con e-child\" data-id=\"e8f1c70\" data-element_type=\"container\" data-settings=\"{&quot;background_background&quot;:&quot;classic&quot;}\">\n\t\t<div class=\"elementor-element elementor-element-d5880cc e-con-full e-flex e-con e-child\" data-id=\"d5880cc\" data-element_type=\"container\" data-settings=\"{&quot;background_background&quot;:&quot;classic&quot;}\">\n\t\t\t\t<div class=\"elementor-element elementor-element-6b9194a elementor-widget elementor-widget-text-editor\" data-id=\"6b9194a\" data-element_type=\"widget\" data-widget_type=\"text-editor.default\">\n\t\t\t\t\t\t\t\t\t<p><strong>Omskrivninger \u2013 n\u00e5r du mangler gloser<\/strong><br \/><em>Es un tipo de\u00a0<\/em>(det er en slags \u2026)<br \/><em>Es cuando<\/em>\u00a0(det er, n\u00e5r\u2026)<br \/><em>Es algo que<\/em>\u00a0(det er noget, som \u2026)<br \/><em>Es alguien que<\/em>\u00a0(det er nogen, som \u2026)<br \/><em>Es lo mismo que<\/em>\u00a0(det er det samme som \u2026)<br \/><em>Es lo contrario de<\/em>\u00a0(det er det modsatte af \u2026)<br \/><em>Es un lugar donde\u00a0<\/em>(det er et sted, hvor\u2026)<br \/><em>Es una cosa que<\/em>\u00a0(det er en ting, som\u2026)<br \/><em>Es una persona que\u00a0<\/em>(det er en person, som\u2026)<\/p>\t\t\t\t\t\t\t\t<\/div>\n\t\t\t\t<div class=\"elementor-element elementor-element-fbff428 elementor-widget elementor-widget-text-editor\" data-id=\"fbff428\" data-element_type=\"widget\" data-widget_type=\"text-editor.default\">\n\t\t\t\t\t\t\t\t\t<div class=\"vc_row wpb_row vc_inner vc_row-fluid\"><div class=\"wpb_column vc_column_container vc_col-sm-6\"><div class=\"vc_column-inner\"><div class=\"wpb_wrapper\"><div class=\"wpb_text_column wpb_content_element  vc_custom_1548246314916 yellow-box\"><div class=\"wpb_wrapper\"><p>Tr\u00e6n sproglige strategier.\u00a0\u200bPulse\u00a0<strong><a href=\"https:\/\/quizlet.com\/_4czxtx\" target=\"_blank\" rel=\"noopener noreferrer\">aqu\u00ed<\/a><\/strong><\/p><\/div><\/div><\/div><\/div><\/div><\/div>\t\t\t\t\t\t\t\t<\/div>\n\t\t\t\t<\/div>\n\t\t\t\t<\/div>\n\t\t\t\t<\/div>\n\t\t\t\t<\/div>\n\t\t\t\t<div class=\"elementor-element elementor-element-c12641e elementor-widget elementor-widget-text-editor\" data-id=\"c12641e\" data-element_type=\"widget\" data-widget_type=\"text-editor.default\">\n\t\t\t\t\t\t\t\t\t<p>\u200b<strong>Stj\u00e6l fra sp\u00f8rgsm\u00e5let<\/strong><br \/>Ofte vil din klassekammerat eller din l\u00e6rer stille dig et sp\u00f8rgsm\u00e5l, der indeholder b\u00e5de subjekt og verballed. Det er vigtigt, at du lytter og genbruger sp\u00f8rgsm\u00e5let i dit svar, hvis du selv synes, du mangler ordforr\u00e5d. Ofte er der hj\u00e6lp at hente i sp\u00f8rgsm\u00e5let.<\/p>\t\t\t\t\t\t\t\t<\/div>\n\t\t\t\t<div class=\"elementor-element elementor-element-a16164a elementor-widget elementor-widget-text-editor\" data-id=\"a16164a\" data-element_type=\"widget\" data-widget_type=\"text-editor.default\">\n\t\t\t\t\t\t\t\t\t<p>Eksempler:<br \/>\u00bfD\u00f3nde vive la protagonista?\u00a0\u2192\u00a0<span style=\"color: #e9cf76;\">La protagonista vive en X.<\/span><br \/>\u00bfD\u00f3nde tiene lugar el texto? \u2192\u00a0<span style=\"color: #e9cf76;\">El texto tiene lugar en M\u00e9xico.<\/span><br \/>\u00bfTe gusta la cultura mexicana? \u2192\u00a0<span style=\"color: #e9cf76;\">S\u00ed, me gusta la cultura mexicana porque \u2026<\/span><\/p>\t\t\t\t\t\t\t\t<\/div>\n\t\t\t\t<\/div>\n\t\t\t\t<\/div>\n\t\t\t\t<\/div>\n\t\t","protected":false},"excerpt":{"rendered":"<p>Elevens tr\u00e6ningsrum til tekstpr\u00e6sentation Tekstpr\u00e6sentation Til eksamen i spansk p\u00e5 b\u00e5de a-niveau og b-niveau skal du kunne lave en pr\u00e6sentation [&hellip;]<\/p>\n","protected":false},"author":1,"featured_media":0,"parent":0,"menu_order":0,"comment_status":"closed","ping_status":"closed","template":"elementor_header_footer","meta":{"site-sidebar-layout":"no-sidebar","site-content-layout":"","ast-site-content-layout":"full-width-container","site-content-style":"default","site-sidebar-style":"default","ast-global-header-display":"","ast-banner-title-visibility":"","ast-main-header-display":"","ast-hfb-above-header-display":"","ast-hfb-below-header-display":"","ast-hfb-mobile-header-display":"","site-post-title":"","ast-breadcrumbs-content":"","ast-featured-img":"disabled","footer-sml-layout":"","ast-disable-related-posts":"","theme-transparent-header-meta":"","adv-header-id-meta":"","stick-header-meta":"","header-above-stick-meta":"","header-main-stick-meta":"","header-below-stick-meta":"","astra-migrate-meta-layouts":"default","ast-page-background-enabled":"default","ast-page-background-meta":{"desktop":{"background-color":"var(--ast-global-color-5)","background-image":"","background-repeat":"repeat","background-position":"center center","background-size":"auto","background-attachment":"scroll","background-type":"","background-media":"","overlay-type":"","overlay-color":"","overlay-opacity":"","overlay-gradient":""},"tablet":{"background-color":"","background-image":"","background-repeat":"repeat","background-position":"center center","background-size":"auto","background-attachment":"scroll","background-type":"","background-media":"","overlay-type":"","overlay-color":"","overlay-opacity":"","overlay-gradient":""},"mobile":{"background-color":"","background-image":"","background-repeat":"repeat","background-position":"center center","background-size":"auto","background-attachment":"scroll","background-type":"","background-media":"","overlay-type":"","overlay-color":"","overlay-opacity":"","overlay-gradient":""}},"ast-content-background-meta":{"desktop":{"background-color":"var(--ast-global-color-4)","background-image":"","background-repeat":"repeat","background-position":"center center","background-size":"auto","background-attachment":"scroll","background-type":"","background-media":"","overlay-type":"","overlay-color":"","overlay-opacity":"","overlay-gradient":""},"tablet":{"background-color":"var(--ast-global-color-4)","background-image":"","background-repeat":"repeat","background-position":"center center","background-size":"auto","background-attachment":"scroll","background-type":"","background-media":"","overlay-type":"","overlay-color":"","overlay-opacity":"","overlay-gradient":""},"mobile":{"background-color":"var(--ast-global-color-4)","background-image":"","background-repeat":"repeat","background-position":"center center","background-size":"auto","background-attachment":"scroll","background-type":"","background-media":"","overlay-type":"","overlay-color":"","overlay-opacity":"","overlay-gradient":""}},"footnotes":""},"class_list":["post-22","page","type-page","status-publish","hentry"],"_links":{"self":[{"href":"https:\/\/laerkeryge.maktechagency.com\/index.php\/wp-json\/wp\/v2\/pages\/22","targetHints":{"allow":["GET"]}}],"collection":[{"href":"https:\/\/laerkeryge.maktechagency.com\/index.php\/wp-json\/wp\/v2\/pages"}],"about":[{"href":"https:\/\/laerkeryge.maktechagency.com\/index.php\/wp-json\/wp\/v2\/types\/page"}],"author":[{"embeddable":true,"href":"https:\/\/laerkeryge.maktechagency.com\/index.php\/wp-json\/wp\/v2\/users\/1"}],"replies":[{"embeddable":true,"href":"https:\/\/laerkeryge.maktechagency.com\/index.php\/wp-json\/wp\/v2\/comments?post=22"}],"version-history":[{"count":233,"href":"https:\/\/laerkeryge.maktechagency.com\/index.php\/wp-json\/wp\/v2\/pages\/22\/revisions"}],"predecessor-version":[{"id":8941,"href":"https:\/\/laerkeryge.maktechagency.com\/index.php\/wp-json\/wp\/v2\/pages\/22\/revisions\/8941"}],"wp:attachment":[{"href":"https:\/\/laerkeryge.maktechagency.com\/index.php\/wp-json\/wp\/v2\/media?parent=22"}],"curies":[{"name":"wp","href":"https:\/\/api.w.org\/{rel}","templated":true}]}}