{"id":18,"date":"2025-12-20T06:39:26","date_gmt":"2025-12-20T06:39:26","guid":{"rendered":"https:\/\/laerkeryge.maktechagency.com\/?page_id=18"},"modified":"2026-01-14T03:24:14","modified_gmt":"2026-01-14T03:24:14","slug":"para-el-profesor","status":"publish","type":"page","link":"https:\/\/laerkeryge.maktechagency.com\/index.php\/para-el-profesor\/","title":{"rendered":"Para el profesor"},"content":{"rendered":"\t\t<div data-elementor-type=\"wp-page\" data-elementor-id=\"18\" class=\"elementor elementor-18\" data-elementor-post-type=\"page\">\n\t\t\t\t<div class=\"elementor-element elementor-element-7d75652 e-con-full e-flex e-con e-parent\" data-id=\"7d75652\" data-element_type=\"container\" data-settings=\"{&quot;background_background&quot;:&quot;classic&quot;}\">\n\t\t\t\t<\/div>\n\t\t<div class=\"elementor-element elementor-element-964dfa8 e-con-full e-flex e-con e-parent\" data-id=\"964dfa8\" data-element_type=\"container\">\n\t\t<div class=\"elementor-element elementor-element-736a5ea e-con-full e-flex e-con e-child\" data-id=\"736a5ea\" data-element_type=\"container\">\n\t\t\t\t<div class=\"elementor-element elementor-element-0b8ce0a elementor-widget elementor-widget-heading\" data-id=\"0b8ce0a\" data-element_type=\"widget\" data-widget_type=\"heading.default\">\n\t\t\t\t\t<h2 class=\"elementor-heading-title elementor-size-default\">Bogens opbygning\n<\/h2>\t\t\t\t<\/div>\n\t\t\t\t<div class=\"elementor-element elementor-element-def140f elementor-widget elementor-widget-text-editor\" data-id=\"def140f\" data-element_type=\"widget\" data-widget_type=\"text-editor.default\">\n\t\t\t\t\t\t\t\t\tMarie er en dansk pige, der er p\u00e5 sprogskole i M\u00e1laga og fort\u00e6ller om m\u00f8det med Spanien, spanierne og den spanske kultur. Eleverne bliver s\u00e5ledes pr\u00e6senteret for forskellige aspekter af det spanske samfund (familieforhold, turisme, kunst m.m.), og der l\u00e6gges op til, at eleverne sammenligner med danske forhold. Vi fors\u00f8ger i bogen at g\u00f8re op med de klassiske stereotyper og udfordrer eleverne p\u00e5 deres syn p\u00e5 og m\u00f8de med en anden kultur.\t\t\t\t\t\t\t\t<\/div>\n\t\t\t\t<div class=\"elementor-element elementor-element-e533dd3 elementor-widget elementor-widget-text-editor\" data-id=\"e533dd3\" data-element_type=\"widget\" data-widget_type=\"text-editor.default\">\n\t\t\t\t\t\t\t\t\t<p>Marie skriver i forskellige genrer: p\u00e5 sin spansksprogede blog, i sin dagbog, breve og e-mails, eksempelvis til sin tidligere spanskl\u00e6rer, samt artikler og l\u00e6serbreve til sprogskolens skoleblad. Eleverne bliver s\u00e5ledes introduceret for de genrer, de vil m\u00f8de i delpr\u00f8ve 2 p\u00e5 A-niveau. S\u00e5ledes kan eleverne allerede tidligt stifte bekendtskab med de forskellige genrer og deres s\u00e6rlige karakteristika.<\/p>\t\t\t\t\t\t\t\t<\/div>\n\t\t\t\t<div class=\"elementor-element elementor-element-5551224 elementor-widget elementor-widget-text-editor\" data-id=\"5551224\" data-element_type=\"widget\" data-widget_type=\"text-editor.default\">\n\t\t\t\t\t\t\t\t\tBogen best\u00e5r prim\u00e6rt af kortere tekster skrevet p\u00e5 et enkelt spansk og kan bruges efter begyndersystemet og p\u00e5 tilsvarende niveauer. I bogen repeteres den basale grammatik og  det basisordforr\u00e5d, som eleverne har gennemg\u00e5et i begynderundervisningen. Vi benytter de latinske grammatiske betegnelser (ordklasser og s\u00e6tningsled), med undtagelse af verbets tider, hvor b\u00e5de den danske og den latinske terminologi anvendes. Se en oversigt\u00a0<strong><a href=\"https:\/\/laerkeryge.maktechagency.com\/index.php\/grammatiske-betegnelser\/\" target=\"_blank\" rel=\"noopener noreferrer\">HER\u00a0<\/a><\/strong>\t\t\t\t\t\t\t\t<\/div>\n\t\t\t\t<div class=\"elementor-element elementor-element-ee534a2 elementor-widget elementor-widget-heading\" data-id=\"ee534a2\" data-element_type=\"widget\" data-widget_type=\"heading.default\">\n\t\t\t\t\t<h2 class=\"elementor-heading-title elementor-size-default\">Didaktik og tilrettel\u00e6ggelse\n<\/h2>\t\t\t\t<\/div>\n\t\t\t\t<div class=\"elementor-element elementor-element-59013aa elementor-widget elementor-widget-text-editor\" data-id=\"59013aa\" data-element_type=\"widget\" data-widget_type=\"text-editor.default\">\n\t\t\t\t\t\t\t\t\t<p>Vi foresl\u00e5r, at der bruges ca. 3 klokketimer p\u00e5 hvert kapitel.<\/p>\t\t\t\t\t\t\t\t<\/div>\n\t\t\t\t<div class=\"elementor-element elementor-element-5cda3a2 elementor-widget elementor-widget-text-editor\" data-id=\"5cda3a2\" data-element_type=\"widget\" data-widget_type=\"text-editor.default\">\n\t\t\t\t\t\t\t\t\t<p>I f\u00f8rste lektion kan der fx v\u00e6re fokus p\u00e5 l\u00e6sning af tekst (udtale, tekstforst\u00e5else), tekstn\u00e6re opgaver og ordforr\u00e5d. Alle tekster er indspillet i et langsomt begyndertempo og i et mere normalt tempo. L\u00e6reren kan bruge de to tempi til differentiering.<br \/>Alle gloser til teksten kan tr\u00e6nes i en Quizlet. \u201cLista completa\u201d indeholder alle gloser fra gloselisten, og \u201cLista reducida\u201d indeholder de 10 mest centrale gloser, s\u00e5 l\u00e6reren eller eleven selv kan v\u00e6lge.<br \/>\u200bTil alle kapitler er der nederst p\u00e5 siden en delpr\u00f8ve 1-lignende quiz, der arbejder med fx genrebevidsthed, ordforr\u00e5d samt tekstforst\u00e5else p\u00e5 ord- og s\u00e6tningsniveau.<\/p>\t\t\t\t\t\t\t\t<\/div>\n\t\t\t\t<div class=\"elementor-element elementor-element-6e92831 elementor-widget elementor-widget-text-editor\" data-id=\"6e92831\" data-element_type=\"widget\" data-widget_type=\"text-editor.default\">\n\t\t\t\t\t\t\t\t\tI de f\u00f8lgende to klokketimer kan der v\u00e6re fokus p\u00e5 grammatik og ordforr\u00e5d. Vi tilbyder p\u00e5 disse to undersider eleverne mange varierede \u00f8velser, hvor grammatik og ordforr\u00e5d tr\u00e6nes b\u00e5de mundtligt, skriftligt og digitalt.\nGrammatikafsnittet er ikke tilknyttet en bestemt grammatikbog, og da der er tale om repetition af den basale grammatik fra begyndersystemet, m\u00f8der eleverne ikke den klassiske r\u00e6kkef\u00f8lge, som de kender fra begyndersystemet. Vi har prioriteret, at grammatikken s\u00e5 vidt muligt underst\u00f8tter teksterne. Laver eleverne alle opgaver i bogens 11 kapitler, m\u00f8der de den basale grammatik, som de er blevet pr\u00e6senteret for i begyndersystemet, samt et nyt emne, verbalperifraserne, som de m\u00f8der i Cap. 7. I bogens sidste kapitel, Cap. 12, er der ikke tilknyttet ekstra grammatik og ordforr\u00e5d, og dette kapitel er s\u00e6rligt rettet mod elever p\u00e5 HHX, der ogs\u00e5 skal mestre handelsspansk.\t\t\t\t\t\t\t\t<\/div>\n\t\t\t\t<div class=\"elementor-element elementor-element-e7d6bc6 elementor-widget elementor-widget-text-editor\" data-id=\"e7d6bc6\" data-element_type=\"widget\" data-widget_type=\"text-editor.default\">\n\t\t\t\t\t\t\t\t\t<p>Hvert kapitel har en separat underside, hvor eleverne kan finde overs\u00e6ttelser, der samler op p\u00e5 den grammatik og det ordforr\u00e5d, der er blevet pr\u00e6senteret i kapitlet. Overs\u00e6ttelserne findes i to forskellige sv\u00e6rhedsgrader: normal og avanzado, og underviseren kan finde facit til overs\u00e6ttelserne\u00a0<strong><a href=\"https:\/\/laerkeryge.maktechagency.com\/index.php\/facit-til-oversaettelser\/\" target=\"_blank\" rel=\"noopener noreferrer\">HER\u00a0<\/a><\/strong><\/p>\t\t\t\t\t\t\t\t<\/div>\n\t\t\t\t<div class=\"elementor-element elementor-element-98519ec elementor-widget elementor-widget-text-editor\" data-id=\"98519ec\" data-element_type=\"widget\" data-widget_type=\"text-editor.default\">\n\t\t\t\t\t\t\t\t\t<p>B\u00e5de til grammatik- og ordforr\u00e5dsdelen er der links til Quia- og Quizletopgaver. P\u00e5 velkomstsiden til eleven, PARA EL ESTUDIANTE, er der to korte videoer, der viser, hvorledes eleverne skal bruge de to digitale redskaber. Se siden\u00a0<strong><a href=\"https:\/\/laerkeryge.maktechagency.com\/index.php\/para-el-estudiante\/\" target=\"_blank\" rel=\"noopener noreferrer\">HER\u00a0<\/a><\/strong><\/p>\t\t\t\t\t\t\t\t<\/div>\n\t\t\t\t<div class=\"elementor-element elementor-element-2a8d7cd elementor-widget elementor-widget-heading\" data-id=\"2a8d7cd\" data-element_type=\"widget\" data-widget_type=\"heading.default\">\n\t\t\t\t\t<h2 class=\"elementor-heading-title elementor-size-default\">Disciplinen \u201cTekstpr\u00e6sentation\u201d\n<\/h2>\t\t\t\t<\/div>\n\t\t\t\t<div class=\"elementor-element elementor-element-61ff914 elementor-widget elementor-widget-text-editor\" data-id=\"61ff914\" data-element_type=\"widget\" data-widget_type=\"text-editor.default\">\n\t\t\t\t\t\t\t\t\t<p>Under menupunktet\u00a0<strong><a href=\"https:\/\/laerkeryge.maktechagency.com\/index.php\/tekstpraesentation\/\" target=\"_blank\" rel=\"noopener noreferrer\">TEKSTPR\u00c6SENTATION<\/a>\u00a0<\/strong>har vi etableret et tr\u00e6ningsrum til tekstpr\u00e6sentation. Her f\u00e5r eleverne tilbudt en samlet opskrift p\u00e5\u00a0den eksemplariske tekstpr\u00e6sentation, hvor tr\u00e6desten til tekstpr\u00e6sentation og den efterf\u00f8lgende samtale er i fokus.<br \/>Som supplement til historien om Marie har vi lavet to autentiske interviews med unge piger fra M\u00e1laga. Disse interviews er udgivet i to versioner, s\u00e5 de har samme omfang som eksamensteksterne p\u00e5 a-niveau og b-niveau. Man kan med fordel lade eleverne tr\u00e6ne disciplinen p\u00e5 disse to tekster.<\/p>\t\t\t\t\t\t\t\t<\/div>\n\t\t\t\t<div class=\"elementor-element elementor-element-87a4ab2 elementor-widget elementor-widget-heading\" data-id=\"87a4ab2\" data-element_type=\"widget\" data-widget_type=\"heading.default\">\n\t\t\t\t\t<h2 class=\"elementor-heading-title elementor-size-default\">Disciplinen \u201cBilledbeskrivelse\u201d<\/h2>\t\t\t\t<\/div>\n\t\t\t\t<div class=\"elementor-element elementor-element-a088b1a elementor-widget elementor-widget-text-editor\" data-id=\"a088b1a\" data-element_type=\"widget\" data-widget_type=\"text-editor.default\">\n\t\t\t\t\t\t\t\t\t<p>Under menupunktet\u00a0<strong><a href=\"https:\/\/laerkeryge.maktechagency.com\/index.php\/billedbeskrivelse\/\" target=\"_blank\" rel=\"noopener noreferrer\">BILLEDBESKRIVELSE<\/a>\u00a0<\/strong>har vi etableret et tr\u00e6ningsrum til b\u00e5de mundtlig og skriftlig billedbeskrivelse. Her f\u00e5r eleverne tilbudt en samlet opskrift p\u00e5\u00a0den eksemplariske billedbeskrivelse\u00a0samt et rum, hvor alle bogens gloselister samles \u00e9t sted. Eleven kan bruge rummet som et glosetr\u00e6ningsrum, fx inden den mundtlige og\/eller skriftlige eksamen. Som underside til menupunktet har vi samlet en r\u00e6kke billeder, som eleverne kan tr\u00e6ne disciplinen p\u00e5.<\/p>\t\t\t\t\t\t\t\t<\/div>\n\t\t\t\t<div class=\"elementor-element elementor-element-ccd7f4e elementor-widget elementor-widget-heading\" data-id=\"ccd7f4e\" data-element_type=\"widget\" data-widget_type=\"heading.default\">\n\t\t\t\t\t<h2 class=\"elementor-heading-title elementor-size-default\">Helt s\u00e6rligt til underviseren\n<\/h2>\t\t\t\t<\/div>\n\t\t\t\t<div class=\"elementor-element elementor-element-ff74d2e elementor-widget elementor-widget-text-editor\" data-id=\"ff74d2e\" data-element_type=\"widget\" data-widget_type=\"text-editor.default\">\n\t\t\t\t\t\t\t\t\t\u200bEleverne har ikke adgang til materialet under menupunktet PARA EL PROFESOR, s\u00e5 det er alts\u00e5 kun underviseren, der kan se denne sektion.\t\t\t\t\t\t\t\t<\/div>\n\t\t\t\t<div class=\"elementor-element elementor-element-4ea4f8b elementor-widget elementor-widget-text-editor\" data-id=\"4ea4f8b\" data-element_type=\"widget\" data-widget_type=\"text-editor.default\">\n\t\t\t\t\t\t\t\t\tSom undersider til PARA EL PROFESOR finder du:\n\n\t\t\t\t\t\t\t\t<\/div>\n\t\t\t\t<div class=\"elementor-element elementor-element-e71d1f3 elementor-widget elementor-widget-text-editor\" data-id=\"e71d1f3\" data-element_type=\"widget\" data-widget_type=\"text-editor.default\">\n\t\t\t\t\t\t\t\t\t<ul><li><strong><a href=\"https:\/\/laerkeryge.maktechagency.com\/index.php\/inspiration\/\" target=\"_blank\" rel=\"noopener noreferrer\">INSPIRATION<\/a>\u00a0<\/strong>til didaktisk arbejde med teksterne.<\/li><li><strong><a href=\"https:\/\/laerkeryge.maktechagency.com\/index.php\/supplement\/\" target=\"_blank\" rel=\"noopener noreferrer\">SUPPLEMENT<\/a>\u00a0<\/strong>med forslag til tv-udsendelser, sange m.m., som kan tilknyttes emnet.<\/li><li><a href=\"https:\/\/laerkeryge.maktechagency.com\/index.php\/facit-til-oversaettelser\/\" target=\"_blank\" rel=\"noopener noreferrer\"><strong>FACIT TIL OVERS\u00c6TTELSER<\/strong><\/a>,\u00a0som kan udleveres til eleverne som retteskabelon.<\/li><li><strong><a href=\"https:\/\/laerkeryge.maktechagency.com\/index.php\/afleveringer\/\" target=\"_blank\" rel=\"noopener noreferrer\">AFLEVERINGER<\/a>\u00a0<\/strong>til kapitel 1-3, 4-6, 7-9 og 10-11. Der er desuden udarbejdet en aflevering med fokus p\u00e5 billedbeskrivelse a la delpr\u00f8ve 1 og en aflevering med fokus p\u00e5 personbeskrivelse.\u00a0Vi har ogs\u00e5 lavet to opsamlende afleveringer, der samler temaet.\u00a0Underviseren kan sammens\u00e6tte opgaverne, s\u00e5 det passer til elevtid eller didaktisk fokus. Derudover har vi lavet en aflevering med fokus p\u00e5 at samle bogens forskellige temaer. Der er b\u00e5de en skriftlig og en mundtlig variation. Denne aflevering kan med fordel laves i forbindelse med repetition af emnet, fx i forbindelse med eksamen.<\/li><li><strong><a href=\"https:\/\/laerkeryge.maktechagency.com\/index.php\/delprover\/\" target=\"_blank\" rel=\"noopener noreferrer\">DELPR\u00d8VER\u00a0<\/a><\/strong>til kapitel 4, 6 (kun delpr\u00f8ve 1) og 9. Delpr\u00f8verne lever op til eksamenskravene som beskrevet i l\u00e6rerens h\u00e6fte 4.<\/li><li><strong><a href=\"https:\/\/laerkeryge.maktechagency.com\/index.php\/spil-til-opsamling\/\" target=\"_blank\" rel=\"noopener noreferrer\">SPIL TIL OPSAMLING<\/a><\/strong> til kapitel 1-3, 4-6, 7-9 og 10-11. Bem\u00e6rk, at spillene skal printes, og nogle af spillene kr\u00e6ver terninger.<\/li><\/ul>\t\t\t\t\t\t\t\t<\/div>\n\t\t\t\t<div class=\"elementor-element elementor-element-114c782 elementor-widget elementor-widget-heading\" data-id=\"114c782\" data-element_type=\"widget\" data-widget_type=\"heading.default\">\n\t\t\t\t\t<h2 class=\"elementor-heading-title elementor-size-default\">Un mes en M\u00e1laga som tema til eksamen\n<\/h2>\t\t\t\t<\/div>\n\t\t\t\t<div class=\"elementor-element elementor-element-7da42b3 elementor-widget elementor-widget-text-editor\" data-id=\"7da42b3\" data-element_type=\"widget\" data-widget_type=\"text-editor.default\">\n\t\t\t\t\t\t\t\t\tBogen l\u00e6gger op til at tale om kulturforskelle mellem Danmark og Spanien, og man kan derfor eksempelvis bruge \u201cDiferencias culturales\u201d, \u201cEspa\u00f1a\u201d eller \u201cViajar\u201d som overordnet tema.\t\t\t\t\t\t\t\t<\/div>\n\t\t\t\t<div class=\"elementor-element elementor-element-7b58db2 elementor-widget elementor-widget-text-editor\" data-id=\"7b58db2\" data-element_type=\"widget\" data-widget_type=\"text-editor.default\">\n\t\t\t\t\t\t\t\t\t<p>Vi har under\u00a0<strong><a href=\"https:\/\/laerkeryge.maktechagency.com\/index.php\/afleveringer\/\" target=\"_blank\" rel=\"noopener noreferrer\">AFLEVERINGER<\/a>\u00a0<\/strong>lavet to opsamlende opgaver, som eleverne kan lave for at afrunde temaet eller anvende i forbindelse med eksamenrepetition.<\/p>\t\t\t\t\t\t\t\t<\/div>\n\t\t\t\t<div class=\"elementor-element elementor-element-8d05bbc elementor-widget elementor-widget-text-editor\" data-id=\"8d05bbc\" data-element_type=\"widget\" data-widget_type=\"text-editor.default\">\n\t\t\t\t\t\t\t\t\t<p>Har du sp\u00f8rgsm\u00e5l, forslag eller konstruktiv kritik, er du meget velkommen til at kontakte os: mitdigitalegym@gmail.com<\/p>\t\t\t\t\t\t\t\t<\/div>\n\t\t\t\t<div class=\"elementor-element elementor-element-b5fe56a elementor-widget elementor-widget-text-editor\" data-id=\"b5fe56a\" data-element_type=\"widget\" data-widget_type=\"text-editor.default\">\n\t\t\t\t\t\t\t\t\tVi h\u00e5ber, at I og jeres elever f\u00e5r stor forn\u00f8jelse af bogen.\t\t\t\t\t\t\t\t<\/div>\n\t\t\t\t<div class=\"elementor-element elementor-element-4fd036e elementor-widget elementor-widget-text-editor\" data-id=\"4fd036e\" data-element_type=\"widget\" data-widget_type=\"text-editor.default\">\n\t\t\t\t\t\t\t\t\tL\u00e6rke Marie Ryge og Camilla J\u00fcrgensen\t\t\t\t\t\t\t\t<\/div>\n\t\t\t\t<\/div>\n\t\t\t\t<\/div>\n\t\t\t\t<\/div>\n\t\t","protected":false},"excerpt":{"rendered":"<p>Bogens opbygning Marie er en dansk pige, der er p\u00e5 sprogskole i M\u00e1laga og fort\u00e6ller om m\u00f8det med Spanien, spanierne [&hellip;]<\/p>\n","protected":false},"author":1,"featured_media":0,"parent":0,"menu_order":0,"comment_status":"closed","ping_status":"closed","template":"elementor_header_footer","meta":{"site-sidebar-layout":"no-sidebar","site-content-layout":"","ast-site-content-layout":"full-width-container","site-content-style":"default","site-sidebar-style":"default","ast-global-header-display":"","ast-banner-title-visibility":"","ast-main-header-display":"","ast-hfb-above-header-display":"","ast-hfb-below-header-display":"","ast-hfb-mobile-header-display":"","site-post-title":"","ast-breadcrumbs-content":"","ast-featured-img":"disabled","footer-sml-layout":"","ast-disable-related-posts":"","theme-transparent-header-meta":"","adv-header-id-meta":"","stick-header-meta":"","header-above-stick-meta":"","header-main-stick-meta":"","header-below-stick-meta":"","astra-migrate-meta-layouts":"default","ast-page-background-enabled":"default","ast-page-background-meta":{"desktop":{"background-color":"var(--ast-global-color-5)","background-image":"","background-repeat":"repeat","background-position":"center center","background-size":"auto","background-attachment":"scroll","background-type":"","background-media":"","overlay-type":"","overlay-color":"","overlay-opacity":"","overlay-gradient":""},"tablet":{"background-color":"","background-image":"","background-repeat":"repeat","background-position":"center center","background-size":"auto","background-attachment":"scroll","background-type":"","background-media":"","overlay-type":"","overlay-color":"","overlay-opacity":"","overlay-gradient":""},"mobile":{"background-color":"","background-image":"","background-repeat":"repeat","background-position":"center center","background-size":"auto","background-attachment":"scroll","background-type":"","background-media":"","overlay-type":"","overlay-color":"","overlay-opacity":"","overlay-gradient":""}},"ast-content-background-meta":{"desktop":{"background-color":"var(--ast-global-color-4)","background-image":"","background-repeat":"repeat","background-position":"center center","background-size":"auto","background-attachment":"scroll","background-type":"","background-media":"","overlay-type":"","overlay-color":"","overlay-opacity":"","overlay-gradient":""},"tablet":{"background-color":"var(--ast-global-color-4)","background-image":"","background-repeat":"repeat","background-position":"center center","background-size":"auto","background-attachment":"scroll","background-type":"","background-media":"","overlay-type":"","overlay-color":"","overlay-opacity":"","overlay-gradient":""},"mobile":{"background-color":"var(--ast-global-color-4)","background-image":"","background-repeat":"repeat","background-position":"center center","background-size":"auto","background-attachment":"scroll","background-type":"","background-media":"","overlay-type":"","overlay-color":"","overlay-opacity":"","overlay-gradient":""}},"footnotes":""},"class_list":["post-18","page","type-page","status-publish","hentry"],"_links":{"self":[{"href":"https:\/\/laerkeryge.maktechagency.com\/index.php\/wp-json\/wp\/v2\/pages\/18","targetHints":{"allow":["GET"]}}],"collection":[{"href":"https:\/\/laerkeryge.maktechagency.com\/index.php\/wp-json\/wp\/v2\/pages"}],"about":[{"href":"https:\/\/laerkeryge.maktechagency.com\/index.php\/wp-json\/wp\/v2\/types\/page"}],"author":[{"embeddable":true,"href":"https:\/\/laerkeryge.maktechagency.com\/index.php\/wp-json\/wp\/v2\/users\/1"}],"replies":[{"embeddable":true,"href":"https:\/\/laerkeryge.maktechagency.com\/index.php\/wp-json\/wp\/v2\/comments?post=18"}],"version-history":[{"count":172,"href":"https:\/\/laerkeryge.maktechagency.com\/index.php\/wp-json\/wp\/v2\/pages\/18\/revisions"}],"predecessor-version":[{"id":8917,"href":"https:\/\/laerkeryge.maktechagency.com\/index.php\/wp-json\/wp\/v2\/pages\/18\/revisions\/8917"}],"wp:attachment":[{"href":"https:\/\/laerkeryge.maktechagency.com\/index.php\/wp-json\/wp\/v2\/media?parent=18"}],"curies":[{"name":"wp","href":"https:\/\/api.w.org\/{rel}","templated":true}]}}