{"id":16,"date":"2025-12-20T06:39:17","date_gmt":"2025-12-20T06:39:17","guid":{"rendered":"https:\/\/laerkeryge.maktechagency.com\/?page_id=16"},"modified":"2026-01-14T03:07:14","modified_gmt":"2026-01-14T03:07:14","slug":"para-el-estudiante","status":"publish","type":"page","link":"https:\/\/laerkeryge.maktechagency.com\/index.php\/para-el-estudiante\/","title":{"rendered":"Para el estudiante"},"content":{"rendered":"\t\t<div data-elementor-type=\"wp-page\" data-elementor-id=\"16\" class=\"elementor elementor-16\" data-elementor-post-type=\"page\">\n\t\t\t\t<div class=\"elementor-element elementor-element-5fc05ff e-con-full e-flex e-con e-parent\" data-id=\"5fc05ff\" data-element_type=\"container\" data-settings=\"{&quot;background_background&quot;:&quot;classic&quot;}\">\n\t\t\t\t<\/div>\n\t\t<div class=\"elementor-element elementor-element-5fb3c47 e-con-full e-flex e-con e-parent\" data-id=\"5fb3c47\" data-element_type=\"container\">\n\t\t<div class=\"elementor-element elementor-element-7adfa46 e-con-full e-flex e-con e-child\" data-id=\"7adfa46\" data-element_type=\"container\">\n\t\t<div class=\"elementor-element elementor-element-4ed6cae e-con-full e-flex e-con e-child\" data-id=\"4ed6cae\" data-element_type=\"container\">\n\t\t<div class=\"elementor-element elementor-element-c20f234 e-con-full e-flex e-con e-child\" data-id=\"c20f234\" data-element_type=\"container\">\n\t\t\t\t<div class=\"elementor-element elementor-element-882bc5d elementor-widget elementor-widget-heading\" data-id=\"882bc5d\" data-element_type=\"widget\" data-widget_type=\"heading.default\">\n\t\t\t\t\t<h2 class=\"elementor-heading-title elementor-size-default\">Pr\u00e6sentation af unmesenmalaga\n<\/h2>\t\t\t\t<\/div>\n\t\t\t\t<div class=\"elementor-element elementor-element-8fda438 elementor-widget elementor-widget-text-editor\" data-id=\"8fda438\" data-element_type=\"widget\" data-widget_type=\"text-editor.default\">\n\t\t\t\t\t\t\t\t\tSpanskbogen unmesenmalaga handler om Marie, der er p\u00e5 sprogskole i M\u00e1laga, efter hun har afsluttet 3. g. Marie er privat indkvarteret hos en spansk familie, og hun g\u00e5r p\u00e5 sprogskole mandag til fredag. I sin fritid er hun sammen med sine venner \u2013 b\u00e5de dem, hun har m\u00f8dt p\u00e5 sprogskolen, og sine nye spanske venner.\t\t\t\t\t\t\t\t<\/div>\n\t\t\t\t<div class=\"elementor-element elementor-element-3886201 elementor-widget elementor-widget-text-editor\" data-id=\"3886201\" data-element_type=\"widget\" data-widget_type=\"text-editor.default\">\n\t\t\t\t\t\t\t\t\tMarie er en engageret pige, der gerne vil fort\u00e6lle om sit m\u00f8de med Spanien og spanierne. Derfor skriver hun p\u00e5 en blog og bidrager med artikler samt l\u00e6serbreve til sprogskolens skoleblad. Ligeledes sender hun breve og e-mails samt skriver personlig dagbog. Hun er fast besluttet p\u00e5 at blive s\u00e5 god til sproget som muligt, s\u00e5 derfor foreg\u00e5r det hele naturligvis p\u00e5 spansk!\t\t\t\t\t\t\t\t<\/div>\n\t\t\t\t<\/div>\n\t\t<div class=\"elementor-element elementor-element-6f80f34 e-con-full e-flex e-con e-child\" data-id=\"6f80f34\" data-element_type=\"container\">\n\t\t\t\t<div class=\"elementor-element elementor-element-0707d7e elementor-widget elementor-widget-image\" data-id=\"0707d7e\" data-element_type=\"widget\" data-widget_type=\"image.default\">\n\t\t\t\t\t\t\t\t\t\t\t\t\t\t\t\t<a href=\"https:\/\/laerkeryge.maktechagency.com\/wp-content\/uploads\/2025\/12\/marie_2_orig-1024x678-1.webp\" data-elementor-open-lightbox=\"yes\" data-e-action-hash=\"#elementor-action%3Aaction%3Dlightbox%26settings%3DeyJpZCI6MTc3OCwidXJsIjoiaHR0cHM6XC9cL2xhZXJrZXJ5Z2UubWFrdGVjaGFnZW5jeS5jb21cL3dwLWNvbnRlbnRcL3VwbG9hZHNcLzIwMjVcLzEyXC9tYXJpZV8yX29yaWctMTAyNHg2NzgtMS53ZWJwIn0%3D\">\n\t\t\t\t\t\t\t<img fetchpriority=\"high\" decoding=\"async\" width=\"1024\" height=\"678\" src=\"https:\/\/laerkeryge.maktechagency.com\/wp-content\/uploads\/2025\/12\/marie_2_orig-1024x678-1.webp\" class=\"attachment-full size-full wp-image-1778\" alt=\"\" srcset=\"https:\/\/laerkeryge.maktechagency.com\/wp-content\/uploads\/2025\/12\/marie_2_orig-1024x678-1.webp 1024w, https:\/\/laerkeryge.maktechagency.com\/wp-content\/uploads\/2025\/12\/marie_2_orig-1024x678-1-300x199.webp 300w, https:\/\/laerkeryge.maktechagency.com\/wp-content\/uploads\/2025\/12\/marie_2_orig-1024x678-1-768x509.webp 768w\" sizes=\"(max-width: 1024px) 100vw, 1024px\" \/>\t\t\t\t\t\t\t\t<\/a>\n\t\t\t\t\t\t\t\t\t\t\t\t\t\t\t<\/div>\n\t\t\t\t<\/div>\n\t\t\t\t<\/div>\n\t\t\t\t<div class=\"elementor-element elementor-element-4fe72ed elementor-widget elementor-widget-text-editor\" data-id=\"4fe72ed\" data-element_type=\"widget\" data-widget_type=\"text-editor.default\">\n\t\t\t\t\t\t\t\t\tMed bogen vil vi gerne pr\u00e6sentere dig for spansk kultur og levevis oplevet gennem et ungt dansk menneskes \u00f8jne. Det er nemlig ogs\u00e5 i m\u00f8det med en anden kultur, at man bliver (endnu) klogere p\u00e5 sin egen!\t\t\t\t\t\t\t\t<\/div>\n\t\t<div class=\"elementor-element elementor-element-efd178d e-con-full e-flex e-con e-child\" data-id=\"efd178d\" data-element_type=\"container\">\n\t\t\t\t<div class=\"elementor-element elementor-element-4ff1d93 elementor-widget elementor-widget-heading\" data-id=\"4ff1d93\" data-element_type=\"widget\" data-widget_type=\"heading.default\">\n\t\t\t\t\t<h2 class=\"elementor-heading-title elementor-size-default\">Bogens opbygning\n<\/h2>\t\t\t\t<\/div>\n\t\t\t\t<div class=\"elementor-element elementor-element-c4a15e3 elementor-widget elementor-widget-text-editor\" data-id=\"c4a15e3\" data-element_type=\"widget\" data-widget_type=\"text-editor.default\">\n\t\t\t\t\t\t\t\t\tHvert kapitel i spanskbogen unmesenmalaga best\u00e5r af 3 dele: tekst, grammatik og ordforr\u00e5d.\t\t\t\t\t\t\t\t<\/div>\n\t\t\t\t<div class=\"elementor-element elementor-element-387a7e7 elementor-widget elementor-widget-heading\" data-id=\"387a7e7\" data-element_type=\"widget\" data-widget_type=\"heading.default\">\n\t\t\t\t\t<h2 class=\"elementor-heading-title elementor-size-default\">Tekster\n<\/h2>\t\t\t\t<\/div>\n\t\t\t\t<div class=\"elementor-element elementor-element-0c1985d elementor-widget elementor-widget-text-editor\" data-id=\"0c1985d\" data-element_type=\"widget\" data-widget_type=\"text-editor.default\">\n\t\t\t\t\t\t\t\t\tI teksterne m\u00f8der du b\u00e5de kendte, transparente og nye gloser. Til alle 12 kapitler er der en liste med gloser, og denne er ogs\u00e5 tilg\u00e6ngelig i det interaktive glosetr\u00e6ningsredskab Quizlet. Vi anbefaler, at du tr\u00e6ner gloserne i Quizlet, inden du l\u00e6ser teksten. Det vil spare dig for en del ordbogsopslag.\nTil hver tekst finder du yderligere to lydfiler \u2013 \u00e9n indtalt i et langsomt tempo og \u00e9n indtalt i et normalt tempo. Du kan bruge den langsomme indtaling til at lytte til det enkelte ords udtale og den normale til at arbejde med intonation (sprogets rytme).\nTeksterne er skrevet i de genrer, som du selv skal mestre til den skriftlige eksamen p\u00e5 A-niveau\/delpr\u00f8ve 2. Til hver tekst er der en kortere quiz, der indeholder quiz-sp\u00f8rgsm\u00e5l, som minder om dem, du vil m\u00f8de til den skriftlige eksamen p\u00e5 A-niveau\/delpr\u00f8ve 1.\t\t\t\t\t\t\t\t<\/div>\n\t\t\t\t<div class=\"elementor-element elementor-element-f31b41e elementor-widget elementor-widget-heading\" data-id=\"f31b41e\" data-element_type=\"widget\" data-widget_type=\"heading.default\">\n\t\t\t\t\t<h2 class=\"elementor-heading-title elementor-size-default\">Grammatik\n<\/h2>\t\t\t\t<\/div>\n\t\t\t\t<div class=\"elementor-element elementor-element-dd251a1 elementor-widget elementor-widget-text-editor\" data-id=\"dd251a1\" data-element_type=\"widget\" data-widget_type=\"text-editor.default\">\n\t\t\t\t\t\t\t\t\t<p>Spanskbogen unmesenmalaga repeterer den grammatik, som du har l\u00e6rt i l\u00f8bet af begyndersystemet, og pr\u00e6senterer dig for mindre nye sproglige finesser, fx verbalperifraser. Grammatikken tr\u00e6nes b\u00e5de mundtligt, skriftligt og interaktivt. Afsnittene, der arbejder med grammatik, indeholder ikke grammatiske forklaringer, som du kender det fra din egen grammatikbog. Afsnittene indeholder \u00f8velser, og kan du ikke huske reglerne, kan du sl\u00e5 op i din egen grammatikbog eller finde materialet i egne noter. Vi benytter de latinske betegnelser i bogen med undtagelse af tiderne, der b\u00e5de skrives p\u00e5 dansk og latin. Se en oversigt\u00a0<strong><a href=\"https:\/\/laerkeryge.maktechagency.com\/index.php\/grammatiske-betegnelser\/\" target=\"_blank\" rel=\"noopener noreferrer\">HER\u00a0<\/a><\/strong><\/p>\t\t\t\t\t\t\t\t<\/div>\n\t\t\t\t<div class=\"elementor-element elementor-element-3960562 elementor-widget elementor-widget-heading\" data-id=\"3960562\" data-element_type=\"widget\" data-widget_type=\"heading.default\">\n\t\t\t\t\t<h2 class=\"elementor-heading-title elementor-size-default\">Ordforr\u00e5d\n<\/h2>\t\t\t\t<\/div>\n\t\t\t\t<div class=\"elementor-element elementor-element-273ec03 elementor-widget elementor-widget-text-editor\" data-id=\"273ec03\" data-element_type=\"widget\" data-widget_type=\"text-editor.default\">\n\t\t\t\t\t\t\t\t\tBogen repeterer prim\u00e6rt ordforr\u00e5d, som du ogs\u00e5 har m\u00f8dt i dit begyndersystem, fx farver, t\u00f8j, familie, fritidsinteresser, tal m.m. Al forskning p\u00e5 omr\u00e5det viser, at man bedst l\u00e6rer nye gloser ved at m\u00f8de dem flere gange og i flere forskellige sammenh\u00e6nge, hvilket vi bestr\u00e6ber os p\u00e5 gennem hele bogen. Ordforr\u00e5d tr\u00e6nes ligeledes b\u00e5de mundtligt, skriftligt og interaktivt.\t\t\t\t\t\t\t\t<\/div>\n\t\t\t\t<div class=\"elementor-element elementor-element-b235caa elementor-widget elementor-widget-text-editor\" data-id=\"b235caa\" data-element_type=\"widget\" data-widget_type=\"text-editor.default\">\n\t\t\t\t\t\t\t\t\t<p>I lektionsplanen fremg\u00e5r b\u00e5de grammatiske og ordforr\u00e5dsomr\u00e5der, som de enkelte kapitler bearbejder.\u00a0Du kan finde den samlede lektionsplan\u00a0<strong><a href=\"https:\/\/laerkeryge.maktechagency.com\/index.php\/lektionsplan\/\" target=\"_blank\" rel=\"noopener noreferrer\">HER<\/a><\/strong><\/p>\t\t\t\t\t\t\t\t<\/div>\n\t\t\t\t<div class=\"elementor-element elementor-element-28dde9f elementor-widget elementor-widget-heading\" data-id=\"28dde9f\" data-element_type=\"widget\" data-widget_type=\"heading.default\">\n\t\t\t\t\t<h2 class=\"elementor-heading-title elementor-size-default\">Billedbeskrivelse\n<\/h2>\t\t\t\t<\/div>\n\t\t\t\t<div class=\"elementor-element elementor-element-e6f6645 elementor-widget elementor-widget-text-editor\" data-id=\"e6f6645\" data-element_type=\"widget\" data-widget_type=\"text-editor.default\">\n\t\t\t\t\t\t\t\t\tHistorien om Marie suppleres af et elevtr\u00e6ningsrum til disciplinen BILLEDBESKRIVELSE. Her m\u00f8der du en samlet opskrift p\u00e5 den eksemplariske billedbeskrivelse samt et rum, hvor alle bogens gloselister er samlet \u00e9t sted. Som underside til menupunktet finder du en r\u00e6kke billeder, som du selv kan tr\u00e6ne din billedbeskrivelse p\u00e5.\t\t\t\t\t\t\t\t<\/div>\n\t\t\t\t<div class=\"elementor-element elementor-element-c6cc767 elementor-widget elementor-widget-text-editor\" data-id=\"c6cc767\" data-element_type=\"widget\" data-widget_type=\"text-editor.default\">\n\t\t\t\t\t\t\t\t\t<p>Historien om Marie suppleres af et elevtr\u00e6ningsrum til disciplinen BILLEDBESKRIVELSE. Her m\u00f8der du en samlet opskrift p\u00e5 den eksemplariske billedbeskrivelse samt et rum, hvor alle bogens gloselister er samlet \u00e9t sted. Som underside til menupunktet finder du en r\u00e6kke billeder, som du selv kan tr\u00e6ne din billedbeskrivelse p\u00e5.<\/p>\t\t\t\t\t\t\t\t<\/div>\n\t\t\t\t<div class=\"elementor-element elementor-element-495527c elementor-widget elementor-widget-text-editor\" data-id=\"495527c\" data-element_type=\"widget\" data-widget_type=\"text-editor.default\">\n\t\t\t\t\t\t\t\t\t\u00a1Que disfrutes y que aprendas!\n\n\t\t\t\t\t\t\t\t<\/div>\n\t\t\t\t<div class=\"elementor-element elementor-element-5711d44 elementor-widget elementor-widget-text-editor\" data-id=\"5711d44\" data-element_type=\"widget\" data-widget_type=\"text-editor.default\">\n\t\t\t\t\t\t\t\t\t<div class=\"vc_row wpb_row vc_row-fluid vc_custom_1545214919629 vc_row-has-fill\"><div class=\"wpb_column vc_column_container vc_col-sm-12\"><div class=\"vc_column-inner\"><div class=\"wpb_wrapper\"><div class=\"wpb_text_column wpb_content_element \"><div class=\"wpb_wrapper\"><p>L\u00e6rke Marie Ryge og Camilla J\u00fcrgensen fra forlaget\u00a0<a href=\"http:\/\/www.mitdigitalegym.dk\/\" target=\"_blank\" rel=\"noopener noreferrer\">MitDigitaleGym<\/a><\/p><\/div><\/div><\/div><\/div><\/div><\/div>\t\t\t\t\t\t\t\t<\/div>\n\t\t\t\t<\/div>\n\t\t\t\t<\/div>\n\t\t<div class=\"elementor-element elementor-element-ebebd45 e-con-full e-flex e-con e-child\" data-id=\"ebebd45\" data-element_type=\"container\">\n\t\t\t\t<div class=\"elementor-element elementor-element-755826e elementor-widget elementor-widget-text-editor\" data-id=\"755826e\" data-element_type=\"widget\" data-widget_type=\"text-editor.default\">\n\t\t\t\t\t\t\t\t\tSe herunder en introduktion til de to interaktive tr\u00e6ningsredskaber Quia og Quizlet.\n\n\t\t\t\t\t\t\t\t<\/div>\n\t\t\t\t<\/div>\n\t\t<div class=\"elementor-element elementor-element-2e969f6 e-con-full e-flex e-con e-child\" data-id=\"2e969f6\" data-element_type=\"container\">\n\t\t<div class=\"elementor-element elementor-element-d7c1fa3 e-con-full e-flex e-con e-child\" data-id=\"d7c1fa3\" data-element_type=\"container\">\n\t\t\t\t<div class=\"elementor-element elementor-element-3b413e4 elementor-widget elementor-widget-video\" data-id=\"3b413e4\" data-element_type=\"widget\" data-settings=\"{&quot;youtube_url&quot;:&quot;https:\\\/\\\/www.youtube.com\\\/watch?v=AY3fBW-fjzs&amp;t=6s&quot;,&quot;video_type&quot;:&quot;youtube&quot;,&quot;controls&quot;:&quot;yes&quot;}\" data-widget_type=\"video.default\">\n\t\t\t\t\t\t\t<div class=\"elementor-wrapper elementor-open-inline\">\n\t\t\t<div class=\"elementor-video\"><\/div>\t\t<\/div>\n\t\t\t\t\t\t<\/div>\n\t\t\t\t<\/div>\n\t\t<div class=\"elementor-element elementor-element-8e3eee6 e-con-full e-flex e-con e-child\" data-id=\"8e3eee6\" data-element_type=\"container\">\n\t\t\t\t<div class=\"elementor-element elementor-element-0e959f0 elementor-widget elementor-widget-video\" data-id=\"0e959f0\" data-element_type=\"widget\" data-settings=\"{&quot;youtube_url&quot;:&quot;https:\\\/\\\/www.youtube.com\\\/watch?v=wUeHFnmizeI&quot;,&quot;video_type&quot;:&quot;youtube&quot;,&quot;controls&quot;:&quot;yes&quot;}\" data-widget_type=\"video.default\">\n\t\t\t\t\t\t\t<div class=\"elementor-wrapper elementor-open-inline\">\n\t\t\t<div class=\"elementor-video\"><\/div>\t\t<\/div>\n\t\t\t\t\t\t<\/div>\n\t\t\t\t<\/div>\n\t\t\t\t<\/div>\n\t\t\t\t<\/div>\n\t\t\t\t<\/div>\n\t\t","protected":false},"excerpt":{"rendered":"<p>Pr\u00e6sentation af unmesenmalaga Spanskbogen unmesenmalaga handler om Marie, der er p\u00e5 sprogskole i M\u00e1laga, efter hun har afsluttet 3. g. [&hellip;]<\/p>\n","protected":false},"author":1,"featured_media":0,"parent":0,"menu_order":0,"comment_status":"closed","ping_status":"closed","template":"elementor_header_footer","meta":{"site-sidebar-layout":"no-sidebar","site-content-layout":"","ast-site-content-layout":"full-width-container","site-content-style":"default","site-sidebar-style":"default","ast-global-header-display":"","ast-banner-title-visibility":"","ast-main-header-display":"","ast-hfb-above-header-display":"","ast-hfb-below-header-display":"","ast-hfb-mobile-header-display":"","site-post-title":"","ast-breadcrumbs-content":"","ast-featured-img":"disabled","footer-sml-layout":"","ast-disable-related-posts":"","theme-transparent-header-meta":"","adv-header-id-meta":"","stick-header-meta":"","header-above-stick-meta":"","header-main-stick-meta":"","header-below-stick-meta":"","astra-migrate-meta-layouts":"default","ast-page-background-enabled":"default","ast-page-background-meta":{"desktop":{"background-color":"var(--ast-global-color-5)","background-image":"","background-repeat":"repeat","background-position":"center center","background-size":"auto","background-attachment":"scroll","background-type":"","background-media":"","overlay-type":"","overlay-color":"","overlay-opacity":"","overlay-gradient":""},"tablet":{"background-color":"","background-image":"","background-repeat":"repeat","background-position":"center center","background-size":"auto","background-attachment":"scroll","background-type":"","background-media":"","overlay-type":"","overlay-color":"","overlay-opacity":"","overlay-gradient":""},"mobile":{"background-color":"","background-image":"","background-repeat":"repeat","background-position":"center center","background-size":"auto","background-attachment":"scroll","background-type":"","background-media":"","overlay-type":"","overlay-color":"","overlay-opacity":"","overlay-gradient":""}},"ast-content-background-meta":{"desktop":{"background-color":"var(--ast-global-color-4)","background-image":"","background-repeat":"repeat","background-position":"center center","background-size":"auto","background-attachment":"scroll","background-type":"","background-media":"","overlay-type":"","overlay-color":"","overlay-opacity":"","overlay-gradient":""},"tablet":{"background-color":"var(--ast-global-color-4)","background-image":"","background-repeat":"repeat","background-position":"center center","background-size":"auto","background-attachment":"scroll","background-type":"","background-media":"","overlay-type":"","overlay-color":"","overlay-opacity":"","overlay-gradient":""},"mobile":{"background-color":"var(--ast-global-color-4)","background-image":"","background-repeat":"repeat","background-position":"center center","background-size":"auto","background-attachment":"scroll","background-type":"","background-media":"","overlay-type":"","overlay-color":"","overlay-opacity":"","overlay-gradient":""}},"footnotes":""},"class_list":["post-16","page","type-page","status-publish","hentry"],"_links":{"self":[{"href":"https:\/\/laerkeryge.maktechagency.com\/index.php\/wp-json\/wp\/v2\/pages\/16","targetHints":{"allow":["GET"]}}],"collection":[{"href":"https:\/\/laerkeryge.maktechagency.com\/index.php\/wp-json\/wp\/v2\/pages"}],"about":[{"href":"https:\/\/laerkeryge.maktechagency.com\/index.php\/wp-json\/wp\/v2\/types\/page"}],"author":[{"embeddable":true,"href":"https:\/\/laerkeryge.maktechagency.com\/index.php\/wp-json\/wp\/v2\/users\/1"}],"replies":[{"embeddable":true,"href":"https:\/\/laerkeryge.maktechagency.com\/index.php\/wp-json\/wp\/v2\/comments?post=16"}],"version-history":[{"count":220,"href":"https:\/\/laerkeryge.maktechagency.com\/index.php\/wp-json\/wp\/v2\/pages\/16\/revisions"}],"predecessor-version":[{"id":8836,"href":"https:\/\/laerkeryge.maktechagency.com\/index.php\/wp-json\/wp\/v2\/pages\/16\/revisions\/8836"}],"wp:attachment":[{"href":"https:\/\/laerkeryge.maktechagency.com\/index.php\/wp-json\/wp\/v2\/media?parent=16"}],"curies":[{"name":"wp","href":"https:\/\/api.w.org\/{rel}","templated":true}]}}