{"id":154,"date":"2025-12-20T08:34:26","date_gmt":"2025-12-20T08:34:26","guid":{"rendered":"https:\/\/laerkeryge.maktechagency.com\/?page_id=154"},"modified":"2026-01-07T06:12:33","modified_gmt":"2026-01-07T06:12:33","slug":"angela-a-niveau","status":"publish","type":"page","link":"https:\/\/laerkeryge.maktechagency.com\/index.php\/angela-a-niveau\/","title":{"rendered":"Angela a-niveau"},"content":{"rendered":"\t\t<div data-elementor-type=\"wp-page\" data-elementor-id=\"154\" class=\"elementor elementor-154\" data-elementor-post-type=\"page\">\n\t\t\t\t<div class=\"elementor-element elementor-element-de673dd e-con-full e-flex e-con e-parent\" data-id=\"de673dd\" data-element_type=\"container\" data-settings=\"{&quot;background_background&quot;:&quot;classic&quot;}\">\n\t\t\t\t<\/div>\n\t\t<div class=\"elementor-element elementor-element-1a75253 e-con-full e-flex e-con e-parent\" data-id=\"1a75253\" data-element_type=\"container\">\n\t\t<div class=\"elementor-element elementor-element-122c71f e-con-full e-flex e-con e-child\" data-id=\"122c71f\" data-element_type=\"container\">\n\t\t<div class=\"elementor-element elementor-element-4e46248 e-con-full e-flex e-con e-child\" data-id=\"4e46248\" data-element_type=\"container\">\n\t\t<div class=\"elementor-element elementor-element-8fa2e1a e-con-full e-flex e-con e-child\" data-id=\"8fa2e1a\" data-element_type=\"container\">\n\t\t\t\t<div class=\"elementor-element elementor-element-28df29d elementor-widget elementor-widget-image\" data-id=\"28df29d\" data-element_type=\"widget\" data-widget_type=\"image.default\">\n\t\t\t\t\t\t\t\t\t\t\t\t\t\t\t\t<a href=\"https:\/\/laerkeryge.maktechagency.com\/wp-content\/uploads\/2025\/12\/Tekstprasentation_angela_a_niveau.webp\" data-elementor-open-lightbox=\"yes\" data-e-action-hash=\"#elementor-action%3Aaction%3Dlightbox%26settings%3DeyJpZCI6MzM0MSwidXJsIjoiaHR0cHM6XC9cL2xhZXJrZXJ5Z2UubWFrdGVjaGFnZW5jeS5jb21cL3dwLWNvbnRlbnRcL3VwbG9hZHNcLzIwMjVcLzEyXC9UZWtzdHByYXNlbnRhdGlvbl9hbmdlbGFfYV9uaXZlYXUud2VicCJ9\">\n\t\t\t\t\t\t\t<img fetchpriority=\"high\" decoding=\"async\" width=\"485\" height=\"346\" src=\"https:\/\/laerkeryge.maktechagency.com\/wp-content\/uploads\/2025\/12\/Tekstprasentation_angela_a_niveau.webp\" class=\"attachment-full size-full wp-image-3341\" alt=\"\" srcset=\"https:\/\/laerkeryge.maktechagency.com\/wp-content\/uploads\/2025\/12\/Tekstprasentation_angela_a_niveau.webp 485w, https:\/\/laerkeryge.maktechagency.com\/wp-content\/uploads\/2025\/12\/Tekstprasentation_angela_a_niveau-300x214.webp 300w\" sizes=\"(max-width: 485px) 100vw, 485px\" \/>\t\t\t\t\t\t\t\t<\/a>\n\t\t\t\t\t\t\t\t\t\t\t\t\t\t\t<\/div>\n\t\t\t\t<\/div>\n\t\t<div class=\"elementor-element elementor-element-90e2d86 e-con-full e-flex e-con e-child\" data-id=\"90e2d86\" data-element_type=\"container\">\n\t\t\t\t<div class=\"elementor-element elementor-element-cac0d8e elementor-widget elementor-widget-heading\" data-id=\"cac0d8e\" data-element_type=\"widget\" data-widget_type=\"heading.default\">\n\t\t\t\t\t<h2 class=\"elementor-heading-title elementor-size-default\">\u00c1ngela a-niveau\n\n<\/h2>\t\t\t\t<\/div>\n\t\t\t\t<div class=\"elementor-element elementor-element-4aa2ea2 elementor-widget elementor-widget-text-editor\" data-id=\"4aa2ea2\" data-element_type=\"widget\" data-widget_type=\"text-editor.default\">\n\t\t\t\t\t\t\t\t\t<p><strong>Introducci\u00f3n y instrucciones<\/strong><br \/>El texto es una entrevista con \u00c1ngela Palomo Nu\u00f1ez que es una chica de M\u00e1laga.<\/p>\t\t\t\t\t\t\t\t<\/div>\n\t\t\t\t<div class=\"elementor-element elementor-element-c98da49 elementor-widget elementor-widget-text-editor\" data-id=\"c98da49\" data-element_type=\"widget\" data-widget_type=\"text-editor.default\">\n\t\t\t\t\t\t\t\t\t<ul><li>Describe la vida de \u00c1ngela.<\/li><li>\u200bCompara la familia de \u00c1ngela con la familia espa\u00f1ola de Marie (Un mes en M\u00e1laga)\u200b.<\/li><\/ul>\t\t\t\t\t\t\t\t<\/div>\n\t\t\t\t<\/div>\n\t\t\t\t<\/div>\n\t\t<div class=\"elementor-element elementor-element-58bcafb e-con-full e-flex e-con e-child\" data-id=\"58bcafb\" data-element_type=\"container\">\n\t\t\t\t<div class=\"elementor-element elementor-element-9bee0a1 elementor-widget elementor-widget-heading\" data-id=\"9bee0a1\" data-element_type=\"widget\" data-widget_type=\"heading.default\">\n\t\t\t\t\t<h2 class=\"elementor-heading-title elementor-size-default\">\u00c1ngela, una animadora infantil\n\n\n<\/h2>\t\t\t\t<\/div>\n\t\t\t\t<div class=\"elementor-element elementor-element-5b6b673 elementor-widget elementor-widget-text-editor\" data-id=\"5b6b673\" data-element_type=\"widget\" data-widget_type=\"text-editor.default\">\n\t\t\t\t\t\t\t\t\t<p><strong>\u00bfC\u00f3mo es tu familia?<\/strong>\u00a0Mi familia est\u00e1 compuesta por 5 miembros: yo, mis padres y mis dos hermanos. Tengo una hermana con 13 a\u00f1os y mi hermano tiene 16 a\u00f1os. Mi hermana se llama Isabel y mi hermano Francisco. Mi hermana est\u00e1 en esa edad complicada, preadolescente, es un poco rebelde. Mi hermano es muy bueno, y es muy callado \u2026vaya. Mi madre se llama Mar\u00eda \u00c1ngeles y mi padre Francisco, pero le decimos Paco. Mi padre trabaja de jardinero cerca de casa y tambi\u00e9n tiene un campo en el pueblo Colmenar cerca de M\u00e1laga, y se va los fines de semana a su campo a cultivar almendras y aceitunas\u2026 Mi madre es ama de casa, bueno, tambi\u00e9n trabaja a veces limpiando en otras casas, pero ella lleva toda su vida con nosotros, cuid\u00e1ndonos.<\/p>\t\t\t\t\t\t\t\t<\/div>\n\t\t\t\t<div class=\"elementor-element elementor-element-6821975 elementor-widget elementor-widget-text-editor\" data-id=\"6821975\" data-element_type=\"widget\" data-widget_type=\"text-editor.default\">\n\t\t\t\t\t\t\t\t\t<p><strong>\u00bfD\u00f3nde vives?<\/strong>\u00a0Vivo en un barrio que se llama el Torcal con mi familia \u2026s\u00ed, s\u00ed todav\u00eda no me he independizado. Vivimos en un piso con tres dormitorios, comparto cuarto con mi hermana.<\/p>\t\t\t\t\t\t\t\t<\/div>\n\t\t\t\t<div class=\"elementor-element elementor-element-ff77d59 elementor-widget elementor-widget-text-editor\" data-id=\"ff77d59\" data-element_type=\"widget\" data-widget_type=\"text-editor.default\">\n\t\t\t\t\t\t\t\t\t<p><strong>\u00bfQu\u00e9 carrera tienes?<\/strong>\u00a0Pues yo estudio la carrera de Magisterio para trabajar con ni\u00f1os de primaria, es decir de seis a doce a\u00f1os. Me queda poco para terminar la carrera.<\/p>\t\t\t\t\t\t\t\t<\/div>\n\t\t\t\t<div class=\"elementor-element elementor-element-ee1442f elementor-widget elementor-widget-text-editor\" data-id=\"ee1442f\" data-element_type=\"widget\" data-widget_type=\"text-editor.default\">\n\t\t\t\t\t\t\t\t\t<p><strong>\u00bfTrabajas?<\/strong>\u00a0Soy animadora infantil desde hace tres a\u00f1os. Voy a eventos como cumplea\u00f1os, bodas, bautizos\u2026 les pinto la cara a los ni\u00f1os y juego con ellos. Me compr\u00e9 mi propio material, tengo mi caja de pintura y en general soy mi propia jefa, vaya \u2026tengo anuncios y una p\u00e1gina en Facebook y de ah\u00ed me salen cositas (1).<\/p>\t\t\t\t\t\t\t\t<\/div>\n\t\t\t\t<div class=\"elementor-element elementor-element-2c39187 elementor-widget elementor-widget-text-editor\" data-id=\"2c39187\" data-element_type=\"widget\" data-widget_type=\"text-editor.default\">\n\t\t\t\t\t\t\t\t\t<p><strong>\u00bfEs dif\u00edcil encontrar un trabajo?<\/strong>\u00a0S\u00ed, es dif\u00edcil\u2026yo he estado echando curr\u00edculos por las tiendas y por Internet y no me han llamado. Es dif\u00edcil encontrar trabajo sobre todo si no tienes experiencia. Tengo mucha suerte porque al menos trabajo con ni\u00f1os, que es lo que he estudiado.<\/p>\t\t\t\t\t\t\t\t<\/div>\n\t\t\t\t<div class=\"elementor-element elementor-element-21a231c elementor-widget elementor-widget-text-editor\" data-id=\"21a231c\" data-element_type=\"widget\" data-widget_type=\"text-editor.default\">\n\t\t\t\t\t\t\t\t\t<p><strong>\u00bfQu\u00e9 te gusta hacer en tu tiempo libre?<\/strong>\u00a0No tengo mucho tiempo libre porque siempre estoy haciendo cosas, pero me gusta relajarme y me gusta leer\u00a0mucho. Pero normalmente estoy m\u00e1s tiempo en la calle que en mi casa porque me gusta quedar con mis amigas, ir de compras, pues\u2026 me gusta siempre estar activa, haciendo cosas.<\/p>\t\t\t\t\t\t\t\t<\/div>\n\t\t\t\t<div class=\"elementor-element elementor-element-431b3a9 elementor-widget elementor-widget-text-editor\" data-id=\"431b3a9\" data-element_type=\"widget\" data-widget_type=\"text-editor.default\">\n\t\t\t\t\t\t\t\t\t<p><strong>\u00bfCon qu\u00e9 sue\u00f1as?<\/strong>\u00a0Quiero terminar la carrera, me faltan unas pr\u00e1cticas y el trabajo de final de grado (2) y quiero mejorar el ingl\u00e9s. Y me gustar\u00eda tener una familia, casarme y tener ni\u00f1os\u2026en realidad sue\u00f1o con esto \u2026 y tener mi plaza como maestra. Tambi\u00e9n me gusta viajar (\u2026) pero para viajar necesitas dinero y para tener dinero hay que trabajar.<\/p>\t\t\t\t\t\t\t\t<\/div>\n\t\t\t\t<div class=\"elementor-element elementor-element-9b5c545 elementor-widget elementor-widget-text-editor\" data-id=\"9b5c545\" data-element_type=\"widget\" data-widget_type=\"text-editor.default\">\n\t\t\t\t\t\t\t\t\t<p><strong>Gloser:<\/strong><br \/>\u200b(1) Me salen cositas \u2013 jeg f\u00e5r nogle sm\u00e5jobs<br \/>(2) Trabajo de final de grado \u2013 speciale (afsluttende projekt)<\/p>\t\t\t\t\t\t\t\t<\/div>\n\t\t\t\t<div class=\"elementor-element elementor-element-3808126 elementor-widget elementor-widget-text-editor\" data-id=\"3808126\" data-element_type=\"widget\" data-widget_type=\"text-editor.default\">\n\t\t\t\t\t\t\t\t\t<p>(2460 anslag inkl. mellemrum)<\/p>\t\t\t\t\t\t\t\t<\/div>\n\t\t\t\t<\/div>\n\t\t\t\t<\/div>\n\t\t\t\t<\/div>\n\t\t\t\t<\/div>\n\t\t","protected":false},"excerpt":{"rendered":"<p>\u00c1ngela a-niveau Introducci\u00f3n y instruccionesEl texto es una entrevista con \u00c1ngela Palomo Nu\u00f1ez que es una chica de M\u00e1laga. Describe [&hellip;]<\/p>\n","protected":false},"author":1,"featured_media":0,"parent":0,"menu_order":0,"comment_status":"closed","ping_status":"closed","template":"elementor_header_footer","meta":{"site-sidebar-layout":"no-sidebar","site-content-layout":"","ast-site-content-layout":"full-width-container","site-content-style":"default","site-sidebar-style":"default","ast-global-header-display":"","ast-banner-title-visibility":"","ast-main-header-display":"","ast-hfb-above-header-display":"","ast-hfb-below-header-display":"","ast-hfb-mobile-header-display":"","site-post-title":"","ast-breadcrumbs-content":"","ast-featured-img":"disabled","footer-sml-layout":"","ast-disable-related-posts":"","theme-transparent-header-meta":"","adv-header-id-meta":"","stick-header-meta":"","header-above-stick-meta":"","header-main-stick-meta":"","header-below-stick-meta":"","astra-migrate-meta-layouts":"default","ast-page-background-enabled":"default","ast-page-background-meta":{"desktop":{"background-color":"var(--ast-global-color-5)","background-image":"","background-repeat":"repeat","background-position":"center center","background-size":"auto","background-attachment":"scroll","background-type":"","background-media":"","overlay-type":"","overlay-color":"","overlay-opacity":"","overlay-gradient":""},"tablet":{"background-color":"","background-image":"","background-repeat":"repeat","background-position":"center center","background-size":"auto","background-attachment":"scroll","background-type":"","background-media":"","overlay-type":"","overlay-color":"","overlay-opacity":"","overlay-gradient":""},"mobile":{"background-color":"","background-image":"","background-repeat":"repeat","background-position":"center center","background-size":"auto","background-attachment":"scroll","background-type":"","background-media":"","overlay-type":"","overlay-color":"","overlay-opacity":"","overlay-gradient":""}},"ast-content-background-meta":{"desktop":{"background-color":"var(--ast-global-color-4)","background-image":"","background-repeat":"repeat","background-position":"center center","background-size":"auto","background-attachment":"scroll","background-type":"","background-media":"","overlay-type":"","overlay-color":"","overlay-opacity":"","overlay-gradient":""},"tablet":{"background-color":"var(--ast-global-color-4)","background-image":"","background-repeat":"repeat","background-position":"center center","background-size":"auto","background-attachment":"scroll","background-type":"","background-media":"","overlay-type":"","overlay-color":"","overlay-opacity":"","overlay-gradient":""},"mobile":{"background-color":"var(--ast-global-color-4)","background-image":"","background-repeat":"repeat","background-position":"center center","background-size":"auto","background-attachment":"scroll","background-type":"","background-media":"","overlay-type":"","overlay-color":"","overlay-opacity":"","overlay-gradient":""}},"footnotes":""},"class_list":["post-154","page","type-page","status-publish","hentry"],"_links":{"self":[{"href":"https:\/\/laerkeryge.maktechagency.com\/index.php\/wp-json\/wp\/v2\/pages\/154","targetHints":{"allow":["GET"]}}],"collection":[{"href":"https:\/\/laerkeryge.maktechagency.com\/index.php\/wp-json\/wp\/v2\/pages"}],"about":[{"href":"https:\/\/laerkeryge.maktechagency.com\/index.php\/wp-json\/wp\/v2\/types\/page"}],"author":[{"embeddable":true,"href":"https:\/\/laerkeryge.maktechagency.com\/index.php\/wp-json\/wp\/v2\/users\/1"}],"replies":[{"embeddable":true,"href":"https:\/\/laerkeryge.maktechagency.com\/index.php\/wp-json\/wp\/v2\/comments?post=154"}],"version-history":[{"count":58,"href":"https:\/\/laerkeryge.maktechagency.com\/index.php\/wp-json\/wp\/v2\/pages\/154\/revisions"}],"predecessor-version":[{"id":8765,"href":"https:\/\/laerkeryge.maktechagency.com\/index.php\/wp-json\/wp\/v2\/pages\/154\/revisions\/8765"}],"wp:attachment":[{"href":"https:\/\/laerkeryge.maktechagency.com\/index.php\/wp-json\/wp\/v2\/media?parent=154"}],"curies":[{"name":"wp","href":"https:\/\/api.w.org\/{rel}","templated":true}]}}