{"id":144,"date":"2025-12-20T08:31:21","date_gmt":"2025-12-20T08:31:21","guid":{"rendered":"https:\/\/laerkeryge.maktechagency.com\/?page_id=144"},"modified":"2026-01-15T04:29:17","modified_gmt":"2026-01-15T04:29:17","slug":"cap-11-vocabulario","status":"publish","type":"page","link":"https:\/\/laerkeryge.maktechagency.com\/index.php\/cap-11-vocabulario\/","title":{"rendered":"Cap 11 Vocabulario"},"content":{"rendered":"\t\t<div data-elementor-type=\"wp-page\" data-elementor-id=\"144\" class=\"elementor elementor-144\" data-elementor-post-type=\"page\">\n\t\t\t\t<div class=\"elementor-element elementor-element-ec454ce e-con-full e-flex e-con e-parent\" data-id=\"ec454ce\" data-element_type=\"container\" data-settings=\"{&quot;background_background&quot;:&quot;classic&quot;}\">\n\t\t\t\t<\/div>\n\t\t<div class=\"elementor-element elementor-element-f78d477 e-con-full e-flex e-con e-parent\" data-id=\"f78d477\" data-element_type=\"container\">\n\t\t<div class=\"elementor-element elementor-element-a22aca6 e-con-full e-flex e-con e-child\" data-id=\"a22aca6\" data-element_type=\"container\">\n\t\t<div class=\"elementor-element elementor-element-5812a47 e-con-full e-flex e-con e-child\" data-id=\"5812a47\" data-element_type=\"container\">\n\t\t<div class=\"elementor-element elementor-element-60bb593 e-con-full e-flex e-con e-child\" data-id=\"60bb593\" data-element_type=\"container\">\n\t\t\t\t<div class=\"elementor-element elementor-element-7b3e068 elementor-widget elementor-widget-heading\" data-id=\"7b3e068\" data-element_type=\"widget\" data-widget_type=\"heading.default\">\n\t\t\t\t\t<h2 class=\"elementor-heading-title elementor-size-default\">Opgave 1: Los conectores   \n\n\n\n\n\n\n\n<\/h2>\t\t\t\t<\/div>\n\t\t\t\t<div class=\"elementor-element elementor-element-5f69e48 elementor-widget elementor-widget-text-editor\" data-id=\"5f69e48\" data-element_type=\"widget\" data-widget_type=\"text-editor.default\">\n\t\t\t\t\t\t\t\t\t<p>Konjunktioner er alle de sm\u00e5 ord, der anvendes til at skabe sammenh\u00e6ng imellem s\u00e6tninger og imellem afsnit. Konjunktioner kan bruges til eksempelvis at uddybe, argumentere eller eksemplificere i en tekst.<\/p>\t\t\t\t\t\t\t\t<\/div>\n\t\t\t\t<div class=\"elementor-element elementor-element-9ccf117 elementor-widget elementor-widget-text-editor\" data-id=\"9ccf117\" data-element_type=\"widget\" data-widget_type=\"text-editor.default\">\n\t\t\t\t\t\t\t\t\t<p>a) Entrenamiento de vocabulario<br \/>Tr\u00e6n konjunktioner. Pulse\u00a0<strong><a href=\"https:\/\/quizlet.com\/_3rjra4\" target=\"_blank\" rel=\"noopener noreferrer\">aqu\u00ed<\/a><\/strong><\/p>\t\t\t\t\t\t\t\t<\/div>\n\t\t\t\t<div class=\"elementor-element elementor-element-92e962a elementor-widget elementor-widget-text-editor\" data-id=\"92e962a\" data-element_type=\"widget\" data-widget_type=\"text-editor.default\">\n\t\t\t\t\t\t\t\t\t<p>b) Escribir frases\u00a0\u00a0<strong>\u270f\ufe0f \u200b<\/strong><br \/>Lav s\u00e6tninger med fem selvvalgte konjunktioner fra ordskyen til h\u00f8jre.<\/p>\t\t\t\t\t\t\t\t<\/div>\n\t\t\t\t<\/div>\n\t\t<div class=\"elementor-element elementor-element-256a554 e-con-full e-flex e-con e-child\" data-id=\"256a554\" data-element_type=\"container\">\n\t\t\t\t<div class=\"elementor-element elementor-element-f9c1b8f elementor-widget elementor-widget-image\" data-id=\"f9c1b8f\" data-element_type=\"widget\" data-widget_type=\"image.default\">\n\t\t\t\t\t\t\t\t\t\t\t\t\t\t\t\t<a href=\"https:\/\/laerkeryge.maktechagency.com\/wp-content\/uploads\/2025\/12\/Cap.11.voc_.connectores.webp\" data-elementor-open-lightbox=\"yes\" data-e-action-hash=\"#elementor-action%3Aaction%3Dlightbox%26settings%3DeyJpZCI6NTg5NCwidXJsIjoiaHR0cHM6XC9cL2xhZXJrZXJ5Z2UubWFrdGVjaGFnZW5jeS5jb21cL3dwLWNvbnRlbnRcL3VwbG9hZHNcLzIwMjVcLzEyXC9DYXAuMTEudm9jXy5jb25uZWN0b3Jlcy53ZWJwIn0%3D\">\n\t\t\t\t\t\t\t<img fetchpriority=\"high\" decoding=\"async\" width=\"873\" height=\"562\" src=\"https:\/\/laerkeryge.maktechagency.com\/wp-content\/uploads\/2025\/12\/Cap.11.voc_.connectores.webp\" class=\"attachment-full size-full wp-image-5894\" alt=\"\" srcset=\"https:\/\/laerkeryge.maktechagency.com\/wp-content\/uploads\/2025\/12\/Cap.11.voc_.connectores.webp 873w, https:\/\/laerkeryge.maktechagency.com\/wp-content\/uploads\/2025\/12\/Cap.11.voc_.connectores-300x193.webp 300w, https:\/\/laerkeryge.maktechagency.com\/wp-content\/uploads\/2025\/12\/Cap.11.voc_.connectores-768x494.webp 768w\" sizes=\"(max-width: 873px) 100vw, 873px\" \/>\t\t\t\t\t\t\t\t<\/a>\n\t\t\t\t\t\t\t\t\t\t\t\t\t\t\t<\/div>\n\t\t\t\t<\/div>\n\t\t\t\t<\/div>\n\t\t\t\t<\/div>\n\t\t<div class=\"elementor-element elementor-element-8e9b46b e-con-full e-flex e-con e-child\" data-id=\"8e9b46b\" data-element_type=\"container\">\n\t\t\t\t<div class=\"elementor-element elementor-element-54420f2 elementor-widget elementor-widget-heading\" data-id=\"54420f2\" data-element_type=\"widget\" data-widget_type=\"heading.default\">\n\t\t\t\t\t<h2 class=\"elementor-heading-title elementor-size-default\">Opgave 2: Descripci\u00f3n de fotos  \ud83d\udcac    \u270f\ufe0f\n\n\n\n\n\n<\/h2>\t\t\t\t<\/div>\n\t\t\t\t<div class=\"elementor-element elementor-element-6b906d6 elementor-widget elementor-widget-text-editor\" data-id=\"6b906d6\" data-element_type=\"widget\" data-widget_type=\"text-editor.default\">\n\t\t\t\t\t\t\t\t\t<p>a) Descripci\u00f3n de una foto<br \/>Lav en beskrivelse af \u00e9t af billederne nederst p\u00e5 siden.<\/p>\t\t\t\t\t\t\t\t<\/div>\n\t\t\t\t<div class=\"elementor-element elementor-element-09d3fa6 elementor-widget elementor-widget-text-editor\" data-id=\"09d3fa6\" data-element_type=\"widget\" data-widget_type=\"text-editor.default\">\n\t\t\t\t\t\t\t\t\t<p>b) Descripci\u00f3n de fotos con dados<br \/>Du skal nu lave en s\u00e6tning p\u00e5 spansk med udgangspunkt i et af de \u00f8vrige billeder nederst p\u00e5 siden. Sl\u00e5 med terningen, og \u00f8jnene bestemmer, hvilket bensp\u00e6nd du skal bruge. Lav mindst fire s\u00e6tninger.<\/p>\t\t\t\t\t\t\t\t<\/div>\n\t\t\t\t<div class=\"elementor-element elementor-element-662ec1c elementor-widget elementor-widget-text-editor\" data-id=\"662ec1c\" data-element_type=\"widget\" data-widget_type=\"text-editor.default\">\n\t\t\t\t\t\t\t\t\t<p>1. Brug to adjektiver.<br \/>2. Brug en verbalperifrase med gerundium.<br \/>3. Brug mindst \u00e9n af de konjunktioner, du har l\u00e6rt.<br \/>4. Brug en perfektum.<br \/>5. Brug\u00a0<em>por qu\u00e9<\/em>\u00a0eller\u00a0<em>porque.<\/em><br \/>6. Brug n\u00e6r fremtid.<\/p>\t\t\t\t\t\t\t\t<\/div>\n\t\t<div class=\"elementor-element elementor-element-7ca242e e-grid e-con-full e-con e-child\" data-id=\"7ca242e\" data-element_type=\"container\">\n\t\t<div class=\"elementor-element elementor-element-b2f256e e-con-full e-flex e-con e-child\" data-id=\"b2f256e\" data-element_type=\"container\">\n\t\t\t\t<div class=\"elementor-element elementor-element-b6ef84f elementor-widget elementor-widget-image\" data-id=\"b6ef84f\" data-element_type=\"widget\" data-widget_type=\"image.default\">\n\t\t\t\t\t\t\t\t\t\t\t\t\t\t\t\t<a href=\"https:\/\/laerkeryge.maktechagency.com\/wp-content\/uploads\/2025\/12\/Cap.11.voc_.people_on_bench-1024x576-1.webp\" data-elementor-open-lightbox=\"yes\" data-e-action-hash=\"#elementor-action%3Aaction%3Dlightbox%26settings%3DeyJpZCI6NTkwNCwidXJsIjoiaHR0cHM6XC9cL2xhZXJrZXJ5Z2UubWFrdGVjaGFnZW5jeS5jb21cL3dwLWNvbnRlbnRcL3VwbG9hZHNcLzIwMjVcLzEyXC9DYXAuMTEudm9jXy5wZW9wbGVfb25fYmVuY2gtMTAyNHg1NzYtMS53ZWJwIn0%3D\">\n\t\t\t\t\t\t\t<img decoding=\"async\" width=\"1024\" height=\"576\" src=\"https:\/\/laerkeryge.maktechagency.com\/wp-content\/uploads\/2025\/12\/Cap.11.voc_.people_on_bench-1024x576-1.webp\" class=\"attachment-full size-full wp-image-5904\" alt=\"\" srcset=\"https:\/\/laerkeryge.maktechagency.com\/wp-content\/uploads\/2025\/12\/Cap.11.voc_.people_on_bench-1024x576-1.webp 1024w, https:\/\/laerkeryge.maktechagency.com\/wp-content\/uploads\/2025\/12\/Cap.11.voc_.people_on_bench-1024x576-1-300x169.webp 300w, https:\/\/laerkeryge.maktechagency.com\/wp-content\/uploads\/2025\/12\/Cap.11.voc_.people_on_bench-1024x576-1-768x432.webp 768w\" sizes=\"(max-width: 1024px) 100vw, 1024px\" \/>\t\t\t\t\t\t\t\t<\/a>\n\t\t\t\t\t\t\t\t\t\t\t\t\t\t\t<\/div>\n\t\t\t\t<\/div>\n\t\t<div class=\"elementor-element elementor-element-41f1e28 e-con-full e-flex e-con e-child\" data-id=\"41f1e28\" data-element_type=\"container\">\n\t\t\t\t<div class=\"elementor-element elementor-element-3747dd8 elementor-widget elementor-widget-image\" data-id=\"3747dd8\" data-element_type=\"widget\" data-widget_type=\"image.default\">\n\t\t\t\t\t\t\t\t\t\t\t\t\t\t\t\t<a href=\"https:\/\/laerkeryge.maktechagency.com\/wp-content\/uploads\/2025\/12\/11.voc_.childrenplaying_ORIGINAL-1024x576-1.webp\" data-elementor-open-lightbox=\"yes\" data-e-action-hash=\"#elementor-action%3Aaction%3Dlightbox%26settings%3DeyJpZCI6NTkwNSwidXJsIjoiaHR0cHM6XC9cL2xhZXJrZXJ5Z2UubWFrdGVjaGFnZW5jeS5jb21cL3dwLWNvbnRlbnRcL3VwbG9hZHNcLzIwMjVcLzEyXC8xMS52b2NfLmNoaWxkcmVucGxheWluZ19PUklHSU5BTC0xMDI0eDU3Ni0xLndlYnAifQ%3D%3D\">\n\t\t\t\t\t\t\t<img decoding=\"async\" width=\"1024\" height=\"576\" src=\"https:\/\/laerkeryge.maktechagency.com\/wp-content\/uploads\/2025\/12\/11.voc_.childrenplaying_ORIGINAL-1024x576-1.webp\" class=\"attachment-full size-full wp-image-5905\" alt=\"\" srcset=\"https:\/\/laerkeryge.maktechagency.com\/wp-content\/uploads\/2025\/12\/11.voc_.childrenplaying_ORIGINAL-1024x576-1.webp 1024w, https:\/\/laerkeryge.maktechagency.com\/wp-content\/uploads\/2025\/12\/11.voc_.childrenplaying_ORIGINAL-1024x576-1-300x169.webp 300w, https:\/\/laerkeryge.maktechagency.com\/wp-content\/uploads\/2025\/12\/11.voc_.childrenplaying_ORIGINAL-1024x576-1-768x432.webp 768w\" sizes=\"(max-width: 1024px) 100vw, 1024px\" \/>\t\t\t\t\t\t\t\t<\/a>\n\t\t\t\t\t\t\t\t\t\t\t\t\t\t\t<\/div>\n\t\t\t\t<\/div>\n\t\t<div class=\"elementor-element elementor-element-5e535a5 e-con-full e-flex e-con e-child\" data-id=\"5e535a5\" data-element_type=\"container\">\n\t\t\t\t<div class=\"elementor-element elementor-element-c851954 elementor-widget elementor-widget-image\" data-id=\"c851954\" data-element_type=\"widget\" data-widget_type=\"image.default\">\n\t\t\t\t\t\t\t\t\t\t\t\t\t\t\t\t<a href=\"https:\/\/laerkeryge.maktechagency.com\/wp-content\/uploads\/2025\/12\/11.voc_.childrenandsouv_ORIGINAL.webp\" data-elementor-open-lightbox=\"yes\" data-e-action-hash=\"#elementor-action%3Aaction%3Dlightbox%26settings%3DeyJpZCI6NTkwNiwidXJsIjoiaHR0cHM6XC9cL2xhZXJrZXJ5Z2UubWFrdGVjaGFnZW5jeS5jb21cL3dwLWNvbnRlbnRcL3VwbG9hZHNcLzIwMjVcLzEyXC8xMS52b2NfLmNoaWxkcmVuYW5kc291dl9PUklHSU5BTC53ZWJwIn0%3D\">\n\t\t\t\t\t\t\t<img loading=\"lazy\" decoding=\"async\" width=\"556\" height=\"741\" src=\"https:\/\/laerkeryge.maktechagency.com\/wp-content\/uploads\/2025\/12\/11.voc_.childrenandsouv_ORIGINAL.webp\" class=\"attachment-full size-full wp-image-5906\" alt=\"\" srcset=\"https:\/\/laerkeryge.maktechagency.com\/wp-content\/uploads\/2025\/12\/11.voc_.childrenandsouv_ORIGINAL.webp 556w, https:\/\/laerkeryge.maktechagency.com\/wp-content\/uploads\/2025\/12\/11.voc_.childrenandsouv_ORIGINAL-225x300.webp 225w\" sizes=\"(max-width: 556px) 100vw, 556px\" \/>\t\t\t\t\t\t\t\t<\/a>\n\t\t\t\t\t\t\t\t\t\t\t\t\t\t\t<\/div>\n\t\t\t\t<\/div>\n\t\t\t\t<\/div>\n\t\t\t\t<\/div>\n\t\t\t\t<\/div>\n\t\t\t\t<\/div>\n\t\t","protected":false},"excerpt":{"rendered":"<p>Opgave 1: Los conectores Konjunktioner er alle de sm\u00e5 ord, der anvendes til at skabe sammenh\u00e6ng imellem s\u00e6tninger og imellem [&hellip;]<\/p>\n","protected":false},"author":1,"featured_media":0,"parent":0,"menu_order":0,"comment_status":"closed","ping_status":"closed","template":"elementor_header_footer","meta":{"site-sidebar-layout":"no-sidebar","site-content-layout":"","ast-site-content-layout":"full-width-container","site-content-style":"default","site-sidebar-style":"default","ast-global-header-display":"","ast-banner-title-visibility":"","ast-main-header-display":"","ast-hfb-above-header-display":"","ast-hfb-below-header-display":"","ast-hfb-mobile-header-display":"","site-post-title":"","ast-breadcrumbs-content":"","ast-featured-img":"disabled","footer-sml-layout":"","ast-disable-related-posts":"","theme-transparent-header-meta":"","adv-header-id-meta":"","stick-header-meta":"","header-above-stick-meta":"","header-main-stick-meta":"","header-below-stick-meta":"","astra-migrate-meta-layouts":"default","ast-page-background-enabled":"default","ast-page-background-meta":{"desktop":{"background-color":"var(--ast-global-color-5)","background-image":"","background-repeat":"repeat","background-position":"center center","background-size":"auto","background-attachment":"scroll","background-type":"","background-media":"","overlay-type":"","overlay-color":"","overlay-opacity":"","overlay-gradient":""},"tablet":{"background-color":"","background-image":"","background-repeat":"repeat","background-position":"center center","background-size":"auto","background-attachment":"scroll","background-type":"","background-media":"","overlay-type":"","overlay-color":"","overlay-opacity":"","overlay-gradient":""},"mobile":{"background-color":"","background-image":"","background-repeat":"repeat","background-position":"center center","background-size":"auto","background-attachment":"scroll","background-type":"","background-media":"","overlay-type":"","overlay-color":"","overlay-opacity":"","overlay-gradient":""}},"ast-content-background-meta":{"desktop":{"background-color":"var(--ast-global-color-4)","background-image":"","background-repeat":"repeat","background-position":"center center","background-size":"auto","background-attachment":"scroll","background-type":"","background-media":"","overlay-type":"","overlay-color":"","overlay-opacity":"","overlay-gradient":""},"tablet":{"background-color":"var(--ast-global-color-4)","background-image":"","background-repeat":"repeat","background-position":"center center","background-size":"auto","background-attachment":"scroll","background-type":"","background-media":"","overlay-type":"","overlay-color":"","overlay-opacity":"","overlay-gradient":""},"mobile":{"background-color":"var(--ast-global-color-4)","background-image":"","background-repeat":"repeat","background-position":"center center","background-size":"auto","background-attachment":"scroll","background-type":"","background-media":"","overlay-type":"","overlay-color":"","overlay-opacity":"","overlay-gradient":""}},"footnotes":""},"class_list":["post-144","page","type-page","status-publish","hentry"],"_links":{"self":[{"href":"https:\/\/laerkeryge.maktechagency.com\/index.php\/wp-json\/wp\/v2\/pages\/144","targetHints":{"allow":["GET"]}}],"collection":[{"href":"https:\/\/laerkeryge.maktechagency.com\/index.php\/wp-json\/wp\/v2\/pages"}],"about":[{"href":"https:\/\/laerkeryge.maktechagency.com\/index.php\/wp-json\/wp\/v2\/types\/page"}],"author":[{"embeddable":true,"href":"https:\/\/laerkeryge.maktechagency.com\/index.php\/wp-json\/wp\/v2\/users\/1"}],"replies":[{"embeddable":true,"href":"https:\/\/laerkeryge.maktechagency.com\/index.php\/wp-json\/wp\/v2\/comments?post=144"}],"version-history":[{"count":46,"href":"https:\/\/laerkeryge.maktechagency.com\/index.php\/wp-json\/wp\/v2\/pages\/144\/revisions"}],"predecessor-version":[{"id":9212,"href":"https:\/\/laerkeryge.maktechagency.com\/index.php\/wp-json\/wp\/v2\/pages\/144\/revisions\/9212"}],"wp:attachment":[{"href":"https:\/\/laerkeryge.maktechagency.com\/index.php\/wp-json\/wp\/v2\/media?parent=144"}],"curies":[{"name":"wp","href":"https:\/\/api.w.org\/{rel}","templated":true}]}}