{"id":136,"date":"2025-12-20T08:30:14","date_gmt":"2025-12-20T08:30:14","guid":{"rendered":"https:\/\/laerkeryge.maktechagency.com\/?page_id=136"},"modified":"2026-01-15T04:23:26","modified_gmt":"2026-01-15T04:23:26","slug":"cap-10-gramatica","status":"publish","type":"page","link":"https:\/\/laerkeryge.maktechagency.com\/index.php\/cap-10-gramatica\/","title":{"rendered":"Cap 10 Gram\u00e1tica"},"content":{"rendered":"\t\t<div data-elementor-type=\"wp-page\" data-elementor-id=\"136\" class=\"elementor elementor-136\" data-elementor-post-type=\"page\">\n\t\t\t\t<div class=\"elementor-element elementor-element-2adbbc6 e-con-full e-flex e-con e-parent\" data-id=\"2adbbc6\" data-element_type=\"container\" data-settings=\"{&quot;background_background&quot;:&quot;classic&quot;}\">\n\t\t\t\t<\/div>\n\t\t<div class=\"elementor-element elementor-element-527015c e-con-full e-flex e-con e-parent\" data-id=\"527015c\" data-element_type=\"container\">\n\t\t<div class=\"elementor-element elementor-element-3a14254 e-con-full e-flex e-con e-child\" data-id=\"3a14254\" data-element_type=\"container\">\n\t\t<div class=\"elementor-element elementor-element-8a0b675 e-con-full e-flex e-con e-child\" data-id=\"8a0b675\" data-element_type=\"container\">\n\t\t<div class=\"elementor-element elementor-element-decb48d e-con-full e-flex e-con e-child\" data-id=\"decb48d\" data-element_type=\"container\">\n\t\t\t\t<div class=\"elementor-element elementor-element-136ed68 elementor-widget elementor-widget-heading\" data-id=\"136ed68\" data-element_type=\"widget\" data-widget_type=\"heading.default\">\n\t\t\t\t\t<h2 class=\"elementor-heading-title elementor-size-default\">Opgave 1: De demonstrative pronominer  \ud83d\udcac\n\n\n\n\n\n\n<\/h2>\t\t\t\t<\/div>\n\t\t\t\t<div class=\"elementor-element elementor-element-a4c002d elementor-widget elementor-widget-text-editor\" data-id=\"a4c002d\" data-element_type=\"widget\" data-widget_type=\"text-editor.default\">\n\t\t\t\t\t\t\t\t\t<p>a) Hvad kan du huske om demonstrative pronominer? L\u00e6s afsnittet i din grammatikbog.<\/p>\t\t\t\t\t\t\t\t<\/div>\n\t\t\t\t<div class=\"elementor-element elementor-element-b4c9ce0 elementor-widget elementor-widget-text-editor\" data-id=\"b4c9ce0\" data-element_type=\"widget\" data-widget_type=\"text-editor.default\">\n\t\t\t\t\t\t\t\t\t<p>b) Hvad ved du og din makker nu om de demonstrative pronominer? Tag udgangspunkt i nedenst\u00e5ende sp\u00f8rgsm\u00e5l:<\/p>\t\t\t\t\t\t\t\t<\/div>\n\t\t\t\t<div class=\"elementor-element elementor-element-cdbbf9b elementor-widget elementor-widget-text-editor\" data-id=\"cdbbf9b\" data-element_type=\"widget\" data-widget_type=\"text-editor.default\">\n\t\t\t\t\t\t\t\t\t<ul><li>Hvordan b\u00f8jes de demonstrative pronominer, n\u00e5r de st\u00e5r adjektivisk,\u00a0dvs. foran et substantiv?<\/li><li>Hvilken betydningsforskel er der p\u00e5\u00a0<em>este chico\/ese chico\/aquel chico?\u00a0<\/em><\/li><li>Hvordan overs\u00e6tter du s\u00e6tningen\u00a0<em>\u00bfQu\u00e9 es esto?\u00a0<\/em>til dansk?<\/li><\/ul>\t\t\t\t\t\t\t\t<\/div>\n\t\t\t\t<div class=\"elementor-element elementor-element-f0d8051 elementor-widget elementor-widget-text-editor\" data-id=\"f0d8051\" data-element_type=\"widget\" data-widget_type=\"text-editor.default\">\n\t\t\t\t\t\t\t\t\t<p>c) Hvad betyder f\u00f8lgende tidsudtryk p\u00e5 dansk?<br \/><em>esta ma\u00f1ana \u2013\u00a0 esta semana \u2013 este verano \u2013 este a\u00f1o<\/em><\/p>\t\t\t\t\t\t\t\t<\/div>\n\t\t\t\t<div class=\"elementor-element elementor-element-c3e2965 elementor-widget elementor-widget-text-editor\" data-id=\"c3e2965\" data-element_type=\"widget\" data-widget_type=\"text-editor.default\">\n\t\t\t\t\t\t\t\t\t<p>d) Test dig selv. Pulse\u00a0<strong><a href=\"https:\/\/www.quia.com\/quiz\/6533203.html\" target=\"_blank\" rel=\"noopener noreferrer\">aqu\u00ed<\/a><\/strong><\/p>\t\t\t\t\t\t\t\t<\/div>\n\t\t\t\t<\/div>\n\t\t<div class=\"elementor-element elementor-element-1481c49 e-con-full e-flex e-con e-child\" data-id=\"1481c49\" data-element_type=\"container\">\n\t\t\t\t<div class=\"elementor-element elementor-element-04a831a elementor-widget elementor-widget-image\" data-id=\"04a831a\" data-element_type=\"widget\" data-widget_type=\"image.default\">\n\t\t\t\t\t\t\t\t\t\t\t\t\t\t\t\t<a href=\"https:\/\/laerkeryge.maktechagency.com\/wp-content\/uploads\/2025\/12\/wordcloud-1-1.webp\" data-elementor-open-lightbox=\"yes\" data-e-action-hash=\"#elementor-action%3Aaction%3Dlightbox%26settings%3DeyJpZCI6NTY3NSwidXJsIjoiaHR0cHM6XC9cL2xhZXJrZXJ5Z2UubWFrdGVjaGFnZW5jeS5jb21cL3dwLWNvbnRlbnRcL3VwbG9hZHNcLzIwMjVcLzEyXC93b3JkY2xvdWQtMS0xLndlYnAifQ%3D%3D\">\n\t\t\t\t\t\t\t<img fetchpriority=\"high\" decoding=\"async\" width=\"749\" height=\"596\" src=\"https:\/\/laerkeryge.maktechagency.com\/wp-content\/uploads\/2025\/12\/wordcloud-1-1.webp\" class=\"attachment-full size-full wp-image-5675\" alt=\"\" srcset=\"https:\/\/laerkeryge.maktechagency.com\/wp-content\/uploads\/2025\/12\/wordcloud-1-1.webp 749w, https:\/\/laerkeryge.maktechagency.com\/wp-content\/uploads\/2025\/12\/wordcloud-1-1-300x239.webp 300w\" sizes=\"(max-width: 749px) 100vw, 749px\" \/>\t\t\t\t\t\t\t\t<\/a>\n\t\t\t\t\t\t\t\t\t\t\t\t\t\t\t<\/div>\n\t\t\t\t<\/div>\n\t\t\t\t<\/div>\n\t\t\t\t<\/div>\n\t\t<div class=\"elementor-element elementor-element-4f83716 e-con-full e-flex e-con e-child\" data-id=\"4f83716\" data-element_type=\"container\">\n\t\t\t\t<div class=\"elementor-element elementor-element-2ee9b6a elementor-widget elementor-widget-heading\" data-id=\"2ee9b6a\" data-element_type=\"widget\" data-widget_type=\"heading.default\">\n\t\t\t\t\t<h2 class=\"elementor-heading-title elementor-size-default\">Opgave 2: Personlige pronominer som subjekt og direkte objekt\n \n\n\n<\/h2>\t\t\t\t<\/div>\n\t\t\t\t<div class=\"elementor-element elementor-element-fde8493 elementor-widget elementor-widget-text-editor\" data-id=\"fde8493\" data-element_type=\"widget\" data-widget_type=\"text-editor.default\">\n\t\t\t\t\t\t\t\t\t<p>a) Find personlige pronominer <span class=\"TextRun SCXW23509110 BCX0\" lang=\"DA-DK\" xml:lang=\"DA-DK\" data-contrast=\"auto\"><span class=\"NormalTextRun SCXW23509110 BCX0\">\ud83d\udcac<\/span><\/span><strong>\u00a0<\/strong><br \/>Find alle de personlige pronominer i nedenst\u00e5ende danske s\u00e6tninger, og skriv ned, om de st\u00e5r som subjekt eller direkte objekt i den danske s\u00e6tning.<\/p>\t\t\t\t\t\t\t\t<\/div>\n\t\t\t\t<div class=\"elementor-element elementor-element-f3b5ea1 elementor-widget elementor-widget-text-editor\" data-id=\"f3b5ea1\" data-element_type=\"widget\" data-widget_type=\"text-editor.default\">\n\t\t\t\t\t\t\t\t\t<ol><li>Hun bor i M\u00e1laga.<\/li><li>Silvia er hendes spanske mor, og hun arbejder.<\/li><li>Javier laver\u00a0maden, og Marie\u00a0spiser den.<\/li><li>Men hvor er hunden? Hun kan ikke se\u00a0den.<\/li><\/ol>\t\t\t\t\t\t\t\t<\/div>\n\t\t\t\t<div class=\"elementor-element elementor-element-83ed4ae elementor-widget elementor-widget-text-editor\" data-id=\"83ed4ae\" data-element_type=\"widget\" data-widget_type=\"text-editor.default\">\n\t\t\t\t\t\t\t\t\t<p>b) Overs\u00e6t til dansk\u00a0 <strong> <span class=\"TextRun SCXW23509110 BCX0\" lang=\"DA-DK\" xml:lang=\"DA-DK\" data-contrast=\"auto\"><span class=\"NormalTextRun SCXW23509110 BCX0\">\ud83d\udcac<\/span><\/span><\/strong>\u200b<br \/>Overs\u00e6t denne s\u00e6tning til dansk:\u00a0<em>Tambi\u00e9n he comprado un vestido de color plata que es incre\u00edble. Lo voy a guardar para la nochevieja.<\/em><\/p>\t\t\t\t\t\t\t\t<\/div>\n\t\t\t\t<div class=\"elementor-element elementor-element-d225894 elementor-widget elementor-widget-text-editor\" data-id=\"d225894\" data-element_type=\"widget\" data-widget_type=\"text-editor.default\">\n\t\t\t\t\t\t\t\t\t<ul><li>Hvilket ord er det personlige pronomen, der st\u00e5r som direkte objekt?<\/li><li>Hvilket substantiv\u00a0f\u00f8rer det personlige pronomen tilbage til?<\/li><\/ul>\t\t\t\t\t\t\t\t<\/div>\n\t\t\t\t<div class=\"elementor-element elementor-element-6d007e7 elementor-widget elementor-widget-text-editor\" data-id=\"6d007e7\" data-element_type=\"widget\" data-widget_type=\"text-editor.default\">\n\t\t\t\t\t\t\t\t\t<p>c) Overs\u00e6t de danske s\u00e6tninger\u00a0\u00a0<strong>\u270f\ufe0f<\/strong><br \/>Overs\u00e6t de fire danske s\u00e6tninger i opgave a til spansk med fokus p\u00e5 at benytte de korrekte personlige pronominer.<br \/>NB: Husk, at de personlige pronominer, n\u00e5r de st\u00e5r som subjekt i s\u00e6tningen, ofte undlades, da de fremg\u00e5r implicit af verbets b\u00f8jning, fx \u201chablas\u201d = du taler.<\/p>\t\t\t\t\t\t\t\t<\/div>\n\t\t\t\t<\/div>\n\t\t<div class=\"elementor-element elementor-element-99055ea e-con-full e-flex e-con e-child\" data-id=\"99055ea\" data-element_type=\"container\">\n\t\t<div class=\"elementor-element elementor-element-f3345b5 e-con-full e-flex e-con e-child\" data-id=\"f3345b5\" data-element_type=\"container\">\n\t\t<div class=\"elementor-element elementor-element-b68f5fb e-con-full e-flex e-con e-child\" data-id=\"b68f5fb\" data-element_type=\"container\">\n\t\t\t\t<div class=\"elementor-element elementor-element-0290228 elementor-widget elementor-widget-heading\" data-id=\"0290228\" data-element_type=\"widget\" data-widget_type=\"heading.default\">\n\t\t\t\t\t<h2 class=\"elementor-heading-title elementor-size-default\">Opgave 3: Ordstillling p\u00e5 spansk  \ud83d\udcac\n    \n\n\n\n\n\n\n\n<\/h2>\t\t\t\t<\/div>\n\t\t\t\t<div class=\"elementor-element elementor-element-fe50469 elementor-widget elementor-widget-text-editor\" data-id=\"fe50469\" data-element_type=\"widget\" data-widget_type=\"text-editor.default\">\n\t\t\t\t\t\t\t\t\t<p>Der findes to former for ordstilling: ligefrem ordstilling (subjekt + verballed) og omvendt ordstilling (verballed + subjekt). P\u00e5 dansk bruger vi begge dele.<\/p>\t\t\t\t\t\t\t\t<\/div>\n\t\t\t\t<div class=\"elementor-element elementor-element-8729a6f elementor-widget elementor-widget-text-editor\" data-id=\"8729a6f\" data-element_type=\"widget\" data-widget_type=\"text-editor.default\">\n\t\t\t\t\t\t\t\t\t<p>a) Er der ligefrem eller omvendt ordstilling i disse danske s\u00e6tninger?<br \/>1. Marie k\u00f8bte en kjole.<br \/>2. Sidste \u00e5r k\u00f8bte hun en cardigan.<br \/>3. Marie bor i M\u00e1laga.\u00a0\u200b<\/p>\t\t\t\t\t\t\t\t<\/div>\n\t\t\t\t<div class=\"elementor-element elementor-element-2b050aa elementor-widget elementor-widget-text-editor\" data-id=\"2b050aa\" data-element_type=\"widget\" data-widget_type=\"text-editor.default\">\n\t\t\t\t\t\t\t\t\t<p>b) Er der ligefrem eller omvendt ordstilling i disse spansk s\u00e6tninger?<br \/>1.\u00a0Mi amigo Luis es de Barcelona originalmente y ahora estudia en M\u00e1laga.<br \/>2.\u00a0\u00bfQu\u00e9 cosas ha comprado Marie en Barcelona?<\/p>\t\t\t\t\t\t\t\t<\/div>\n\t\t\t\t<div class=\"elementor-element elementor-element-a777621 elementor-widget elementor-widget-text-editor\" data-id=\"a777621\" data-element_type=\"widget\" data-widget_type=\"text-editor.default\">\n\t\t\t\t\t\t\t\t\t<p>c) Kan du lave en generel regel om ordstilling p\u00e5 spansk p\u00e5 baggrund af disse spanske s\u00e6tninger?<\/p>\t\t\t\t\t\t\t\t<\/div>\n\t\t\t\t<\/div>\n\t\t<div class=\"elementor-element elementor-element-36f8647 e-con-full e-flex e-con e-child\" data-id=\"36f8647\" data-element_type=\"container\">\n\t\t\t\t<div class=\"elementor-element elementor-element-8ffa1e2 elementor-widget elementor-widget-image\" data-id=\"8ffa1e2\" data-element_type=\"widget\" data-widget_type=\"image.default\">\n\t\t\t\t\t\t\t\t\t\t\t\t\t\t\t\t<a href=\"https:\/\/laerkeryge.maktechagency.com\/wp-content\/uploads\/2025\/12\/Wordcloud-2-1-250x205-1.png\" data-elementor-open-lightbox=\"yes\" data-e-action-hash=\"#elementor-action%3Aaction%3Dlightbox%26settings%3DeyJpZCI6NTY4MiwidXJsIjoiaHR0cHM6XC9cL2xhZXJrZXJ5Z2UubWFrdGVjaGFnZW5jeS5jb21cL3dwLWNvbnRlbnRcL3VwbG9hZHNcLzIwMjVcLzEyXC9Xb3JkY2xvdWQtMi0xLTI1MHgyMDUtMS5wbmcifQ%3D%3D\">\n\t\t\t\t\t\t\t<img decoding=\"async\" width=\"250\" height=\"205\" src=\"https:\/\/laerkeryge.maktechagency.com\/wp-content\/uploads\/2025\/12\/Wordcloud-2-1-250x205-1.png\" class=\"attachment-full size-full wp-image-5682\" alt=\"\" \/>\t\t\t\t\t\t\t\t<\/a>\n\t\t\t\t\t\t\t\t\t\t\t\t\t\t\t<\/div>\n\t\t\t\t<\/div>\n\t\t\t\t<\/div>\n\t\t\t\t<\/div>\n\t\t\t\t<\/div>\n\t\t\t\t<\/div>\n\t\t","protected":false},"excerpt":{"rendered":"<p>Opgave 1: De demonstrative pronominer \ud83d\udcac a) Hvad kan du huske om demonstrative pronominer? L\u00e6s afsnittet i din grammatikbog. b) [&hellip;]<\/p>\n","protected":false},"author":1,"featured_media":0,"parent":0,"menu_order":0,"comment_status":"closed","ping_status":"closed","template":"elementor_header_footer","meta":{"site-sidebar-layout":"no-sidebar","site-content-layout":"","ast-site-content-layout":"full-width-container","site-content-style":"default","site-sidebar-style":"default","ast-global-header-display":"","ast-banner-title-visibility":"","ast-main-header-display":"","ast-hfb-above-header-display":"","ast-hfb-below-header-display":"","ast-hfb-mobile-header-display":"","site-post-title":"","ast-breadcrumbs-content":"","ast-featured-img":"disabled","footer-sml-layout":"","ast-disable-related-posts":"","theme-transparent-header-meta":"","adv-header-id-meta":"","stick-header-meta":"","header-above-stick-meta":"","header-main-stick-meta":"","header-below-stick-meta":"","astra-migrate-meta-layouts":"default","ast-page-background-enabled":"default","ast-page-background-meta":{"desktop":{"background-color":"var(--ast-global-color-5)","background-image":"","background-repeat":"repeat","background-position":"center center","background-size":"auto","background-attachment":"scroll","background-type":"","background-media":"","overlay-type":"","overlay-color":"","overlay-opacity":"","overlay-gradient":""},"tablet":{"background-color":"","background-image":"","background-repeat":"repeat","background-position":"center center","background-size":"auto","background-attachment":"scroll","background-type":"","background-media":"","overlay-type":"","overlay-color":"","overlay-opacity":"","overlay-gradient":""},"mobile":{"background-color":"","background-image":"","background-repeat":"repeat","background-position":"center center","background-size":"auto","background-attachment":"scroll","background-type":"","background-media":"","overlay-type":"","overlay-color":"","overlay-opacity":"","overlay-gradient":""}},"ast-content-background-meta":{"desktop":{"background-color":"var(--ast-global-color-4)","background-image":"","background-repeat":"repeat","background-position":"center center","background-size":"auto","background-attachment":"scroll","background-type":"","background-media":"","overlay-type":"","overlay-color":"","overlay-opacity":"","overlay-gradient":""},"tablet":{"background-color":"var(--ast-global-color-4)","background-image":"","background-repeat":"repeat","background-position":"center center","background-size":"auto","background-attachment":"scroll","background-type":"","background-media":"","overlay-type":"","overlay-color":"","overlay-opacity":"","overlay-gradient":""},"mobile":{"background-color":"var(--ast-global-color-4)","background-image":"","background-repeat":"repeat","background-position":"center center","background-size":"auto","background-attachment":"scroll","background-type":"","background-media":"","overlay-type":"","overlay-color":"","overlay-opacity":"","overlay-gradient":""}},"footnotes":""},"class_list":["post-136","page","type-page","status-publish","hentry"],"_links":{"self":[{"href":"https:\/\/laerkeryge.maktechagency.com\/index.php\/wp-json\/wp\/v2\/pages\/136","targetHints":{"allow":["GET"]}}],"collection":[{"href":"https:\/\/laerkeryge.maktechagency.com\/index.php\/wp-json\/wp\/v2\/pages"}],"about":[{"href":"https:\/\/laerkeryge.maktechagency.com\/index.php\/wp-json\/wp\/v2\/types\/page"}],"author":[{"embeddable":true,"href":"https:\/\/laerkeryge.maktechagency.com\/index.php\/wp-json\/wp\/v2\/users\/1"}],"replies":[{"embeddable":true,"href":"https:\/\/laerkeryge.maktechagency.com\/index.php\/wp-json\/wp\/v2\/comments?post=136"}],"version-history":[{"count":67,"href":"https:\/\/laerkeryge.maktechagency.com\/index.php\/wp-json\/wp\/v2\/pages\/136\/revisions"}],"predecessor-version":[{"id":9191,"href":"https:\/\/laerkeryge.maktechagency.com\/index.php\/wp-json\/wp\/v2\/pages\/136\/revisions\/9191"}],"wp:attachment":[{"href":"https:\/\/laerkeryge.maktechagency.com\/index.php\/wp-json\/wp\/v2\/media?parent=136"}],"curies":[{"name":"wp","href":"https:\/\/api.w.org\/{rel}","templated":true}]}}